{"id":1426,"date":"2020-01-01T12:40:37","date_gmt":"2020-01-01T11:40:37","guid":{"rendered":"https:\/\/terredeshommes.it\/?post_type=project&#038;p=1426"},"modified":"2021-07-28T12:43:49","modified_gmt":"2021-07-28T10:43:49","slug":"ekotay-morjada-unity-for-dignity-eidhr-2019-412-276","status":"publish","type":"project","link":"https:\/\/terredeshommes.it\/eng\/projects\/ekotay-morjada-unity-for-dignity-eidhr-2019-412-276\/","title":{"rendered":"Ekotay Morjada \u2013 Unity for Dignity | EIDHR\/2019\/412-276"},"content":{"rendered":"<p>[et_pb_section fb_built=&#8221;1&#8243; _builder_version=&#8221;4.9.10&#8243; _module_preset=&#8221;default&#8221; custom_padding=&#8221;2px|||||&#8221;][et_pb_row column_structure=&#8221;2_5,3_5&#8243; use_custom_gutter=&#8221;on&#8221; make_equal=&#8221;on&#8221; _builder_version=&#8221;4.9.10&#8243; _module_preset=&#8221;default&#8221;][et_pb_column type=&#8221;2_5&#8243; _builder_version=&#8221;4.9.10&#8243; _module_preset=&#8221;default&#8221; background_enable_color=&#8221;off&#8221; custom_padding=&#8221;|20px|||false|false&#8221; border_width_right=&#8221;1px&#8221; border_width_right_tablet=&#8221;0px&#8221; border_width_right_phone=&#8221;&#8221; border_width_right_last_edited=&#8221;on|phone&#8221;][et_pb_blurb title=&#8221;Data&#8221; use_icon=&#8221;on&#8221; font_icon=&#8221;%%128%%&#8221; _builder_version=&#8221;4.9.10&#8243; _module_preset=&#8221;c654947c-f542-4f3b-8dd1-a1a9471ac013&#8243; header_level=&#8221;h2&#8243; hover_enabled=&#8221;0&#8243; sticky_enabled=&#8221;0&#8243;]inizio: 01\/01\/2020<br \/>\nfine: 31\/12\/2022[\/et_pb_blurb][et_pb_blurb title=&#8221;Tipo&#8221; use_icon=&#8221;on&#8221; font_icon=&#8221;%%240%%&#8221; _builder_version=&#8221;4.9.10&#8243; _module_preset=&#8221;c654947c-f542-4f3b-8dd1-a1a9471ac013&#8243; header_level=&#8221;h2&#8243; hover_enabled=&#8221;0&#8243; sticky_enabled=&#8221;0&#8243;]Diritti delle operatrici del tessile e delle lavoratrici domestiche[\/et_pb_blurb][et_pb_blurb title=&#8221;Partner locale&#8221; use_icon=&#8221;on&#8221; font_icon=&#8221;%%249%%&#8221; _builder_version=&#8221;4.9.10&#8243; _module_preset=&#8221;c654947c-f542-4f3b-8dd1-a1a9471ac013&#8243; header_level=&#8221;h2&#8243; hover_enabled=&#8221;0&#8243; sticky_enabled=&#8221;0&#8243;]Shobujer Ovijan Foundation (SOF) e Karmojibi Nari (KN)[\/et_pb_blurb][et_pb_blurb title=&#8221;Beneficiari diretti&#8221; use_icon=&#8221;on&#8221; font_icon=&#8221;%%257%%&#8221; _builder_version=&#8221;4.9.10&#8243; _module_preset=&#8221;c654947c-f542-4f3b-8dd1-a1a9471ac013&#8243; header_level=&#8221;h2&#8243; hover_enabled=&#8221;0&#8243; sticky_enabled=&#8221;0&#8243;] 800 operatrici del tessile e lavoratrici domestiche; 900 bambini di donne lavoratrici; 660 management delle fabbriche del tessile e datori di lavoro[\/et_pb_blurb][et_pb_blurb title=&#8221;Beneficiari diretti&#8221; use_icon=&#8221;on&#8221; font_icon=&#8221;%%257%%&#8221; _builder_version=&#8221;4.9.10&#8243; _module_preset=&#8221;c654947c-f542-4f3b-8dd1-a1a9471ac013&#8243; header_level=&#8221;h2&#8243; hover_enabled=&#8221;0&#8243; sticky_enabled=&#8221;0&#8243;]30.000 membri delle famiglie delle lavoratrici, altri lavoratori delle 30 fabbriche d\u2019intervento, lo Stato del Bangladesh[\/et_pb_blurb][et_pb_blurb title=&#8221;Finanziatori&#8221; use_icon=&#8221;on&#8221; font_icon=&#8221;%%171%%&#8221; _builder_version=&#8221;4.9.10&#8243; _module_preset=&#8221;c654947c-f542-4f3b-8dd1-a1a9471ac013&#8243; header_level=&#8221;h2&#8243; hover_enabled=&#8221;0&#8243; sticky_enabled=&#8221;0&#8243;]Unione Europea (EuropeAid) \/ Terre des Hommes Italia[\/et_pb_blurb][\/et_pb_column][et_pb_column type=&#8221;3_5&#8243; _builder_version=&#8221;4.9.10&#8243; _module_preset=&#8221;default&#8221;][et_pb_text _builder_version=&#8221;4.9.10&#8243; _module_preset=&#8221;default&#8221; hover_enabled=&#8221;0&#8243; sticky_enabled=&#8221;0&#8243;]<\/p>\n<p>Il progetto ha l\u2019obiettivo di lungo termine di contribuire ai diritti sociali ed economici delle lavoratrici domestiche e del settore tessile nella citt\u00e0 di Dacca operando parallelamente con i titolari di doveri (lo Stato, le fabbriche del tessile e i datori di lavoro) che con le donne lavoratrici.<\/p>\n<p>Da una parte le aziende ed i datori di lavoro riceveranno delle formazioni sulla legislazione nazionale del lavoro e supporto pratico per conformarsi ai requisiti di legge riguardo l\u2019apertura di asili nido all\u2019interno delle fabbriche e la disposizione ed il funzionamento dei meccanismi di dialogo sociale tra datori di lavoro e lavoratori. Dall\u2019altra le lavoratrici verranno organizzate in gruppi e formate su vari temi: abilit\u00e0 di comunicazione personale, diritti di salute sessuale e riproduttiva, questione di genere, leadership e diritto del lavoro al fine di creare rete sociale e avviare un dialogo costruttivo sia all\u2019interno delle fabbriche che con i datori di lavoro per la rivendicazione dei propri diritti. Alle lavoratrici verr\u00e0 offerta la possibilit\u00e0 di usufruire di asili nido e si incontreranno ogni giorno nei caff\u00e8 delle donne dove oltre a ricevere una serie di formazioni avranno la possibilit\u00e0 di accedere a servizi sanitari e di sostegno psicologico. Il progetto prevede anche una serie di azioni di advocacy per il riconoscimento formale negli strumenti legali delle lavoratrici domestiche e per richiedere compensazioni per i lavoratori nel caso di incidenti industriali.<\/p>\n<p>[\/et_pb_text][\/et_pb_column][\/et_pb_row][\/et_pb_section]<\/p>\n","protected":false},"excerpt":{"rendered":"<p>Il progetto ha l\u2019obiettivo di lungo termine di contribuire ai diritti sociali ed economici delle lavoratrici domestiche e del settore tessile nella citt\u00e0 di Dacca operando parallelamente con i titolari di doveri (lo Stato, le fabbriche del tessile e i datori di lavoro) che con le donne lavoratrici.<\/p>\n","protected":false},"author":4,"featured_media":1428,"comment_status":"closed","ping_status":"closed","template":"","meta":{"_et_pb_use_builder":"on","_et_pb_old_content":"","_et_gb_content_width":"","footnotes":""},"project_category":[41],"project_tag":[],"class_list":["post-1426","project","type-project","status-publish","has-post-thumbnail","hentry","project_category-bangladesh"],"yoast_head":"<!-- This site is optimized with the Yoast SEO plugin v21.1 - https:\/\/yoast.com\/wordpress\/plugins\/seo\/ -->\n<title>Ekotay Morjada \u2013 Unity for Dignity | EIDHR\/2019\/412-276 - Terre des Hommes Italia<\/title>\n<meta name=\"robots\" content=\"index, follow, max-snippet:-1, max-image-preview:large, max-video-preview:-1\" \/>\n<link rel=\"canonical\" href=\"https:\/\/terredeshommes.it\/eng\/progetti\/ekotay-morjada-unity-for-dignity-eidhr-2019-412-276\/\" \/>\n<meta property=\"og:locale\" content=\"en_US\" \/>\n<meta property=\"og:type\" content=\"article\" \/>\n<meta property=\"og:title\" content=\"Ekotay Morjada \u2013 Unity for Dignity | EIDHR\/2019\/412-276 - Terre des Hommes Italia\" \/>\n<meta property=\"og:description\" content=\"Il progetto ha l\u2019obiettivo di lungo termine di contribuire ai diritti sociali ed economici delle lavoratrici domestiche e del settore tessile nella citt\u00e0 di Dacca operando parallelamente con i titolari di doveri (lo Stato, le fabbriche del tessile e i datori di lavoro) che con le donne lavoratrici.\" \/>\n<meta property=\"og:url\" content=\"https:\/\/terredeshommes.it\/eng\/progetti\/ekotay-morjada-unity-for-dignity-eidhr-2019-412-276\/\" \/>\n<meta property=\"og:site_name\" content=\"Terre des Hommes Italia\" \/>\n<meta property=\"article:modified_time\" content=\"2021-07-28T10:43:49+00:00\" \/>\n<meta property=\"og:image\" content=\"https:\/\/terredeshommes.it\/eng\/wp-content\/uploads\/bangla7.jpg\" \/>\n\t<meta property=\"og:image:width\" content=\"640\" \/>\n\t<meta property=\"og:image:height\" content=\"246\" \/>\n\t<meta property=\"og:image:type\" content=\"image\/jpeg\" \/>\n<meta name=\"twitter:card\" content=\"summary_large_image\" \/>\n<meta name=\"twitter:label1\" content=\"Est. reading time\" \/>\n\t<meta name=\"twitter:data1\" content=\"3 minutes\" \/>\n<script type=\"application\/ld+json\" class=\"yoast-schema-graph\">{\"@context\":\"https:\/\/schema.org\",\"@graph\":[{\"@type\":\"WebPage\",\"@id\":\"https:\/\/terredeshommes.it\/eng\/progetti\/ekotay-morjada-unity-for-dignity-eidhr-2019-412-276\/\",\"url\":\"https:\/\/terredeshommes.it\/eng\/progetti\/ekotay-morjada-unity-for-dignity-eidhr-2019-412-276\/\",\"name\":\"Ekotay Morjada \u2013 Unity for Dignity | EIDHR\/2019\/412-276 - Terre des Hommes Italia\",\"isPartOf\":{\"@id\":\"https:\/\/terredeshommes.it\/eng\/#website\"},\"datePublished\":\"2020-01-01T11:40:37+00:00\",\"dateModified\":\"2021-07-28T10:43:49+00:00\",\"breadcrumb\":{\"@id\":\"https:\/\/terredeshommes.it\/eng\/progetti\/ekotay-morjada-unity-for-dignity-eidhr-2019-412-276\/#breadcrumb\"},\"inLanguage\":\"en-US\",\"potentialAction\":[{\"@type\":\"ReadAction\",\"target\":[\"https:\/\/terredeshommes.it\/eng\/progetti\/ekotay-morjada-unity-for-dignity-eidhr-2019-412-276\/\"]}]},{\"@type\":\"BreadcrumbList\",\"@id\":\"https:\/\/terredeshommes.it\/eng\/progetti\/ekotay-morjada-unity-for-dignity-eidhr-2019-412-276\/#breadcrumb\",\"itemListElement\":[{\"@type\":\"ListItem\",\"position\":1,\"name\":\"Home\",\"item\":\"https:\/\/terredeshommes.it\/eng\/\"},{\"@type\":\"ListItem\",\"position\":2,\"name\":\"Projects\",\"item\":\"https:\/\/terredeshommes.it\/eng\/progetti\/\"},{\"@type\":\"ListItem\",\"position\":3,\"name\":\"Ekotay Morjada \u2013 Unity for Dignity | EIDHR\/2019\/412-276\"}]},{\"@type\":\"WebSite\",\"@id\":\"https:\/\/terredeshommes.it\/eng\/#website\",\"url\":\"https:\/\/terredeshommes.it\/eng\/\",\"name\":\"Terre des Hommes Italia\",\"description\":\"Proteggiamo i bambini insieme\",\"potentialAction\":[{\"@type\":\"SearchAction\",\"target\":{\"@type\":\"EntryPoint\",\"urlTemplate\":\"https:\/\/terredeshommes.it\/eng\/?s={search_term_string}\"},\"query-input\":\"required name=search_term_string\"}],\"inLanguage\":\"en-US\"}]}<\/script>\n<!-- \/ Yoast SEO plugin. -->","yoast_head_json":{"title":"Ekotay Morjada \u2013 Unity for Dignity | EIDHR\/2019\/412-276 - Terre des Hommes Italia","robots":{"index":"index","follow":"follow","max-snippet":"max-snippet:-1","max-image-preview":"max-image-preview:large","max-video-preview":"max-video-preview:-1"},"canonical":"https:\/\/terredeshommes.it\/eng\/progetti\/ekotay-morjada-unity-for-dignity-eidhr-2019-412-276\/","og_locale":"en_US","og_type":"article","og_title":"Ekotay Morjada \u2013 Unity for Dignity | EIDHR\/2019\/412-276 - Terre des Hommes Italia","og_description":"Il progetto ha l\u2019obiettivo di lungo termine di contribuire ai diritti sociali ed economici delle lavoratrici domestiche e del settore tessile nella citt\u00e0 di Dacca operando parallelamente con i titolari di doveri (lo Stato, le fabbriche del tessile e i datori di lavoro) che con le donne lavoratrici.","og_url":"https:\/\/terredeshommes.it\/eng\/progetti\/ekotay-morjada-unity-for-dignity-eidhr-2019-412-276\/","og_site_name":"Terre des Hommes Italia","article_modified_time":"2021-07-28T10:43:49+00:00","og_image":[{"width":640,"height":246,"url":"https:\/\/terredeshommes.it\/eng\/wp-content\/uploads\/bangla7.jpg","type":"image\/jpeg"}],"twitter_card":"summary_large_image","twitter_misc":{"Est. reading time":"3 minutes"},"schema":{"@context":"https:\/\/schema.org","@graph":[{"@type":"WebPage","@id":"https:\/\/terredeshommes.it\/eng\/progetti\/ekotay-morjada-unity-for-dignity-eidhr-2019-412-276\/","url":"https:\/\/terredeshommes.it\/eng\/progetti\/ekotay-morjada-unity-for-dignity-eidhr-2019-412-276\/","name":"Ekotay Morjada \u2013 Unity for Dignity | EIDHR\/2019\/412-276 - Terre des Hommes Italia","isPartOf":{"@id":"https:\/\/terredeshommes.it\/eng\/#website"},"datePublished":"2020-01-01T11:40:37+00:00","dateModified":"2021-07-28T10:43:49+00:00","breadcrumb":{"@id":"https:\/\/terredeshommes.it\/eng\/progetti\/ekotay-morjada-unity-for-dignity-eidhr-2019-412-276\/#breadcrumb"},"inLanguage":"en-US","potentialAction":[{"@type":"ReadAction","target":["https:\/\/terredeshommes.it\/eng\/progetti\/ekotay-morjada-unity-for-dignity-eidhr-2019-412-276\/"]}]},{"@type":"BreadcrumbList","@id":"https:\/\/terredeshommes.it\/eng\/progetti\/ekotay-morjada-unity-for-dignity-eidhr-2019-412-276\/#breadcrumb","itemListElement":[{"@type":"ListItem","position":1,"name":"Home","item":"https:\/\/terredeshommes.it\/eng\/"},{"@type":"ListItem","position":2,"name":"Projects","item":"https:\/\/terredeshommes.it\/eng\/progetti\/"},{"@type":"ListItem","position":3,"name":"Ekotay Morjada \u2013 Unity for Dignity | EIDHR\/2019\/412-276"}]},{"@type":"WebSite","@id":"https:\/\/terredeshommes.it\/eng\/#website","url":"https:\/\/terredeshommes.it\/eng\/","name":"Terre des Hommes Italia","description":"Proteggiamo i bambini insieme","potentialAction":[{"@type":"SearchAction","target":{"@type":"EntryPoint","urlTemplate":"https:\/\/terredeshommes.it\/eng\/?s={search_term_string}"},"query-input":"required name=search_term_string"}],"inLanguage":"en-US"}]}},"_links":{"self":[{"href":"https:\/\/terredeshommes.it\/eng\/wp-json\/wp\/v2\/project\/1426","targetHints":{"allow":["GET"]}}],"collection":[{"href":"https:\/\/terredeshommes.it\/eng\/wp-json\/wp\/v2\/project"}],"about":[{"href":"https:\/\/terredeshommes.it\/eng\/wp-json\/wp\/v2\/types\/project"}],"author":[{"embeddable":true,"href":"https:\/\/terredeshommes.it\/eng\/wp-json\/wp\/v2\/users\/4"}],"replies":[{"embeddable":true,"href":"https:\/\/terredeshommes.it\/eng\/wp-json\/wp\/v2\/comments?post=1426"}],"version-history":[{"count":0,"href":"https:\/\/terredeshommes.it\/eng\/wp-json\/wp\/v2\/project\/1426\/revisions"}],"wp:featuredmedia":[{"embeddable":true,"href":"https:\/\/terredeshommes.it\/eng\/wp-json\/wp\/v2\/media\/1428"}],"wp:attachment":[{"href":"https:\/\/terredeshommes.it\/eng\/wp-json\/wp\/v2\/media?parent=1426"}],"wp:term":[{"taxonomy":"project_category","embeddable":true,"href":"https:\/\/terredeshommes.it\/eng\/wp-json\/wp\/v2\/project_category?post=1426"},{"taxonomy":"project_tag","embeddable":true,"href":"https:\/\/terredeshommes.it\/eng\/wp-json\/wp\/v2\/project_tag?post=1426"}],"curies":[{"name":"wp","href":"https:\/\/api.w.org\/{rel}","templated":true}]}}

<p>[et_pb_section fb_built=&#8221;1&#8243; _builder_version=&#8221;4.9.10&#8243; _module_preset=&#8221;default&#8221; custom_padding=&#8221;2px|||||&#8221;][et_pb_row column_structure=&#8221;2_5,3_5&#8243; use_custom_gutter=&#8221;on&#8221; make_equal=&#8221;on&#8221; _builder_version=&#8221;4.9.10&#8243; _module_preset=&#8221;default&#8221;][et_pb_column type=&#8221;2_5&#8243; _builder_version=&#8221;4.9.10&#8243; _module_preset=&#8221;default&#8221; background_enable_color=&#8221;off&#8221; custom_padding=&#8221;|20px|||false|false&#8221; border_width_right=&#8221;1px&#8221; border_width_right_tablet=&#8221;0px&#8221; border_width_right_phone=&#8221;&#8221; border_width_right_last_edited=&#8221;on|phone&#8221;][et_pb_blurb title=&#8221;Data&#8221; use_icon=&#8221;on&#8221; font_icon=&#8221;%%128%%&#8221; _builder_version=&#8221;4.9.10&#8243; _module_preset=&#8221;c654947c-f542-4f3b-8dd1-a1a9471ac013&#8243; header_level=&#8221;h2&#8243; hover_enabled=&#8221;0&#8243; sticky_enabled=&#8221;0&#8243;]inizio: 01/01/2020<br />
fine: 31/12/2022[/et_pb_blurb][et_pb_blurb title=&#8221;Tipo&#8221; use_icon=&#8221;on&#8221; font_icon=&#8221;%%240%%&#8221; _builder_version=&#8221;4.9.10&#8243; _module_preset=&#8221;c654947c-f542-4f3b-8dd1-a1a9471ac013&#8243; header_level=&#8221;h2&#8243; hover_enabled=&#8221;0&#8243; sticky_enabled=&#8221;0&#8243;]Diritti delle operatrici del tessile e delle lavoratrici domestiche[/et_pb_blurb][et_pb_blurb title=&#8221;Partner locale&#8221; use_icon=&#8221;on&#8221; font_icon=&#8221;%%249%%&#8221; _builder_version=&#8221;4.9.10&#8243; _module_preset=&#8221;c654947c-f542-4f3b-8dd1-a1a9471ac013&#8243; header_level=&#8221;h2&#8243; hover_enabled=&#8221;0&#8243; sticky_enabled=&#8221;0&#8243;]Shobujer Ovijan Foundation (SOF) e Karmojibi Nari (KN)[/et_pb_blurb][et_pb_blurb title=&#8221;Beneficiari diretti&#8221; use_icon=&#8221;on&#8221; font_icon=&#8221;%%257%%&#8221; _builder_version=&#8221;4.9.10&#8243; _module_preset=&#8221;c654947c-f542-4f3b-8dd1-a1a9471ac013&#8243; header_level=&#8221;h2&#8243; hover_enabled=&#8221;0&#8243; sticky_enabled=&#8221;0&#8243;] 800 operatrici del tessile e lavoratrici domestiche; 900 bambini di donne lavoratrici; 660 management delle fabbriche del tessile e datori di lavoro[/et_pb_blurb][et_pb_blurb title=&#8221;Beneficiari diretti&#8221; use_icon=&#8221;on&#8221; font_icon=&#8221;%%257%%&#8221; _builder_version=&#8221;4.9.10&#8243; _module_preset=&#8221;c654947c-f542-4f3b-8dd1-a1a9471ac013&#8243; header_level=&#8221;h2&#8243; hover_enabled=&#8221;0&#8243; sticky_enabled=&#8221;0&#8243;]30.000 membri delle famiglie delle lavoratrici, altri lavoratori delle 30 fabbriche d’intervento, lo Stato del Bangladesh[/et_pb_blurb][et_pb_blurb title=&#8221;Finanziatori&#8221; use_icon=&#8221;on&#8221; font_icon=&#8221;%%171%%&#8221; _builder_version=&#8221;4.9.10&#8243; _module_preset=&#8221;c654947c-f542-4f3b-8dd1-a1a9471ac013&#8243; header_level=&#8221;h2&#8243; hover_enabled=&#8221;0&#8243; sticky_enabled=&#8221;0&#8243;]Unione Europea (EuropeAid) / Terre des Hommes Italia[/et_pb_blurb][/et_pb_column][et_pb_column type=&#8221;3_5&#8243; _builder_version=&#8221;4.9.10&#8243; _module_preset=&#8221;default&#8221;][et_pb_text _builder_version=&#8221;4.9.10&#8243; _module_preset=&#8221;default&#8221; hover_enabled=&#8221;0&#8243; sticky_enabled=&#8221;0&#8243;]</p>
<p>Il progetto ha l’obiettivo di lungo termine di contribuire ai diritti sociali ed economici delle lavoratrici domestiche e del settore tessile nella città di Dacca operando parallelamente con i titolari di doveri (lo Stato, le fabbriche del tessile e i datori di lavoro) che con le donne lavoratrici.</p>
<p>Da una parte le aziende ed i datori di lavoro riceveranno delle formazioni sulla legislazione nazionale del lavoro e supporto pratico per conformarsi ai requisiti di legge riguardo l’apertura di asili nido all’interno delle fabbriche e la disposizione ed il funzionamento dei meccanismi di dialogo sociale tra datori di lavoro e lavoratori. Dall’altra le lavoratrici verranno organizzate in gruppi e formate su vari temi: abilità di comunicazione personale, diritti di salute sessuale e riproduttiva, questione di genere, leadership e diritto del lavoro al fine di creare rete sociale e avviare un dialogo costruttivo sia all’interno delle fabbriche che con i datori di lavoro per la rivendicazione dei propri diritti. Alle lavoratrici verrà offerta la possibilità di usufruire di asili nido e si incontreranno ogni giorno nei caffè delle donne dove oltre a ricevere una serie di formazioni avranno la possibilità di accedere a servizi sanitari e di sostegno psicologico. Il progetto prevede anche una serie di azioni di advocacy per il riconoscimento formale negli strumenti legali delle lavoratrici domestiche e per richiedere compensazioni per i lavoratori nel caso di incidenti industriali.</p>
<p>[/et_pb_text][/et_pb_column][/et_pb_row][/et_pb_section]</p>

<p>Il progetto ha l’obiettivo di lungo termine di contribuire ai diritti sociali ed economici delle lavoratrici domestiche e del settore tessile nella città di Dacca operando parallelamente con i titolari di doveri (lo Stato, le fabbriche del tessile e i datori di lavoro) che con le donne lavoratrici.</p>

<!-- This site is optimized with the Yoast SEO plugin v21.1 - https://yoast.com/wordpress/plugins/seo/ -->
<title>Ekotay Morjada – Unity for Dignity | EIDHR/2019/412-276 - Terre des Hommes Italia</title>
<meta name="robots" content="index, follow, max-snippet:-1, max-image-preview:large, max-video-preview:-1" />
<link rel="canonical" href="https://terredeshommes.it/eng/progetti/ekotay-morjada-unity-for-dignity-eidhr-2019-412-276/" />
<meta property="og:locale" content="en_US" />
<meta property="og:type" content="article" />
<meta property="og:title" content="Ekotay Morjada – Unity for Dignity | EIDHR/2019/412-276 - Terre des Hommes Italia" />
<meta property="og:description" content="Il progetto ha l’obiettivo di lungo termine di contribuire ai diritti sociali ed economici delle lavoratrici domestiche e del settore tessile nella città di Dacca operando parallelamente con i titolari di doveri (lo Stato, le fabbriche del tessile e i datori di lavoro) che con le donne lavoratrici." />
<meta property="og:url" content="https://terredeshommes.it/eng/progetti/ekotay-morjada-unity-for-dignity-eidhr-2019-412-276/" />
<meta property="og:site_name" content="Terre des Hommes Italia" />
<meta property="article:modified_time" content="2021-07-28T10:43:49+00:00" />
<meta property="og:image" content="https://terredeshommes.it/eng/wp-content/uploads/bangla7.jpg" />
	<meta property="og:image:width" content="640" />
	<meta property="og:image:height" content="246" />
	<meta property="og:image:type" content="image/jpeg" />
<meta name="twitter:card" content="summary_large_image" />
<meta name="twitter:label1" content="Est. reading time" />
	<meta name="twitter:data1" content="3 minutes" />
<script type="application/ld+json" class="yoast-schema-graph">{"@context":"https://schema.org","@graph":[{"@type":"WebPage","@id":"https://terredeshommes.it/eng/progetti/ekotay-morjada-unity-for-dignity-eidhr-2019-412-276/","url":"https://terredeshommes.it/eng/progetti/ekotay-morjada-unity-for-dignity-eidhr-2019-412-276/","name":"Ekotay Morjada – Unity for Dignity | EIDHR/2019/412-276 - Terre des Hommes Italia","isPartOf":{"@id":"https://terredeshommes.it/eng/#website"},"datePublished":"2020-01-01T11:40:37+00:00","dateModified":"2021-07-28T10:43:49+00:00","breadcrumb":{"@id":"https://terredeshommes.it/eng/progetti/ekotay-morjada-unity-for-dignity-eidhr-2019-412-276/#breadcrumb"},"inLanguage":"en-US","potentialAction":[{"@type":"ReadAction","target":["https://terredeshommes.it/eng/progetti/ekotay-morjada-unity-for-dignity-eidhr-2019-412-276/"]}]},{"@type":"BreadcrumbList","@id":"https://terredeshommes.it/eng/progetti/ekotay-morjada-unity-for-dignity-eidhr-2019-412-276/#breadcrumb","itemListElement":[{"@type":"ListItem","position":1,"name":"Home","item":"https://terredeshommes.it/eng/"},{"@type":"ListItem","position":2,"name":"Projects","item":"https://terredeshommes.it/eng/progetti/"},{"@type":"ListItem","position":3,"name":"Ekotay Morjada – Unity for Dignity | EIDHR/2019/412-276"}]},{"@type":"WebSite","@id":"https://terredeshommes.it/eng/#website","url":"https://terredeshommes.it/eng/","name":"Terre des Hommes Italia","description":"Proteggiamo i bambini insieme","potentialAction":[{"@type":"SearchAction","target":{"@type":"EntryPoint","urlTemplate":"https://terredeshommes.it/eng/?s={search_term_string}"},"query-input":"required name=search_term_string"}],"inLanguage":"en-US"}]}</script>
<!-- / Yoast SEO plugin. -->

Il progetto ha l’obiettivo di lungo termine di contribuire ai diritti sociali ed economici delle lavoratrici domestiche e del settore tessile nella città di Dacca operando parallelamente con i titolari di doveri (lo Stato, le fabbriche del tessile e i datori di lavoro) che con le donne lavoratrici.
