{"id":21196,"date":"2025-08-06T17:10:22","date_gmt":"2025-08-06T15:10:22","guid":{"rendered":"https:\/\/terredeshommes.it\/indifesa\/?page_id=21196"},"modified":"2025-10-03T16:10:57","modified_gmt":"2025-10-03T14:10:57","slug":"indifesa-delle-bambine-e-delle-ragazze","status":"publish","type":"page","link":"https:\/\/terredeshommes.it\/indifesa\/indifesa-delle-bambine-e-delle-ragazze\/","title":{"rendered":"Cos&#8217;\u00e8 indifesa"},"content":{"rendered":"<p>[et_pb_section fb_built=&#8221;1&#8243; _builder_version=&#8221;4.27.4&#8243; _module_preset=&#8221;default&#8221; global_colors_info=&#8221;{}&#8221;][et_pb_row _builder_version=&#8221;4.27.4&#8243; _module_preset=&#8221;default&#8221; global_colors_info=&#8221;{}&#8221;][et_pb_column type=&#8221;4_4&#8243; _builder_version=&#8221;4.27.4&#8243; _module_preset=&#8221;default&#8221; global_colors_info=&#8221;{}&#8221;][et_pb_image src=&#8221;https:\/\/terredeshommes.it\/indifesa\/new\/wp-content\/uploads\/2018\/01\/logo-indifesa-vettoriale.png&#8221; alt=&#8221;indifesa&#8221; title_text=&#8221;logo-indifesa-vettoriale&#8221; _builder_version=&#8221;4.27.4&#8243; _module_preset=&#8221;default&#8221; global_colors_info=&#8221;{}&#8221;][\/et_pb_image][\/et_pb_column][\/et_pb_row][et_pb_row _builder_version=&#8221;4.27.4&#8243; _module_preset=&#8221;default&#8221; global_colors_info=&#8221;{}&#8221;][et_pb_column type=&#8221;4_4&#8243; _builder_version=&#8221;4.27.4&#8243; _module_preset=&#8221;default&#8221; global_colors_info=&#8221;{}&#8221;][et_pb_text _builder_version=&#8221;4.27.4&#8243; _module_preset=&#8221;default&#8221; text_font=&#8221;Lato||||||||&#8221; text_font_size=&#8221;17px&#8221; text_line_height=&#8221;1.8em&#8221; header_font=&#8221;Bebas Neue||||||||&#8221; global_colors_info=&#8221;{}&#8221;]<\/p>\n<h1>14 ANNI <span style=\"color: #ff6600;\">IN<\/span>DIFESA DELLE BAMBINE E DELLE RAGAZZE<\/h1>\n<p><strong>11 ottobre 2012<\/strong>: l\u2019ONU proclama la prima <strong>Giornata Mondiale delle Bambine e delle ragazze<\/strong> e noi di Terre des Hommes lanciamo la campagna indifesa, per sensibilizzare le istituzioni e l\u2019opinione pubblica sulle gravi violazioni dei diritti delle bambine e delle ragazze.<br \/>13 anni dopo la nostra campagna si \u00e8 ampliata, includendo un\u2019indagine sulle loro condizioni, eventi di sensibilizzazione ed empowerment, attivit\u00e0 concrete sul territorio.<\/p>\n<p>Nel 2023 sono state 372.000 le bambine e ragazze beneficiarie dirette dei progetti di Terre des Hommes per l\u2019educazione inclusiva di qualit\u00e0, la prevenzione di matrimoni e gravidanze precoci, il contrasto allo sfruttamento lavorativo, la protezione di minori rifugiati e di ragazze vittime di abusi in diversi Paesi del mondo.<\/p>\n<p>In Italia collaboriamo con scuole, federazioni sportive e istituzioni per coinvolgere le e i giovani in attivit\u00e0 di formazione e sensibilizzazione volte a favorire la partecipazione e il protagonismo delle giovani generazioni sui temi del contrasto alla discriminazione e violenza di genere.<\/p>\n<p>Anche tu puoi far parte del nostro movimento per difendere il loro diritto alla vita, alla libert\u00e0, all\u2019istruzione e all\u2019equit\u00e0.<\/p>\n<p>[\/et_pb_text][\/et_pb_column][\/et_pb_row][et_pb_row _builder_version=&#8221;4.27.4&#8243; _module_preset=&#8221;default&#8221; global_colors_info=&#8221;{}&#8221;][et_pb_column type=&#8221;4_4&#8243; _builder_version=&#8221;4.27.4&#8243; _module_preset=&#8221;default&#8221; global_colors_info=&#8221;{}&#8221;][et_pb_text _builder_version=&#8221;4.27.4&#8243; _module_preset=&#8221;default&#8221; text_font=&#8221;Lato||||||||&#8221; text_font_size=&#8221;17px&#8221; text_line_height=&#8221;1.8em&#8221; header_font=&#8221;Bebas Neue||||||||&#8221; global_colors_info=&#8221;{}&#8221;]<\/p>\n<h1>LA STORIA DI <span style=\"color: #ff6600;\">IN<\/span>DIFESA<\/h1>\n<ul>\n<li><span style=\"color: #ff6600;\"><strong>2012<\/strong><\/span>: Spose bambine, madri minorenni, vittime di mutilazioni genitali, di violenze quotidiane, discriminazioni e abbandono scolastico: \u00e8 questo l\u2019orribile destino che, ancora oggi, milioni di bambine nel mondo sono costrette a subire. Per dire MAI PI\u00d9 a tutto questo, in occasione della Prima Giornata Mondiale delle Bambine, \u00e8 nata indifesa insieme al suo dossier.Riassumere tutto ci\u00f2 che \u00e8 successo da allora a oggi non \u00e8 facile, ma ci proviamo.<\/li>\n<p><\/p>\n<li><span style=\"color: #ff6600;\"><strong>2014<\/strong><\/span>: nasce l\u2019Osservatorio indifesa, strumento per dare voce ai ragazzi e alle ragazze del nostro Paese sulle loro esperienze e percezioni in tema di violenza, discriminazione di genere, bullismo e cyberbullismo.<\/li>\n<p><\/p>\n<li><span style=\"color: #ff6600;\"><strong>2015<\/strong><\/span>: pubblichiamo il Blog indifesa, che raccoglie notizie, storie di speranza e cambiamento delle comunit\u00e0 che stanno sperimentando forme originali di risposta alla violenza e alle discriminazioni di genere.<\/li>\n<p><\/p>\n<li><span style=\"color: #ff6600;\"><strong>2017<\/strong><\/span>: chiediamo prima ai Comuni e poi alle Regioni di aderire al Manifesto indifesa per un\u2019Italia a misura di bambine e ragazze. La VI edizione della Campagna indifesa riceve la Medaglia del Presidente della Repubblica.<\/li>\n<p><\/p>\n<li><span style=\"color: #ff6600;\"><strong>2018<\/strong><\/span>: diamo il via al Network indifesa, la prima rete italiana di webradio scolastiche e giovanili contro la discriminazione, gli stereotipi e la violenza di genere. Le ragazze e i ragazzi che ne fanno parte si impegnano a diventare ambasciatrici e ambasciatori del cambiamento.<\/li>\n<p><\/p>\n<li>Nello stesso anno organizziamo \u201cStand Up for Girls!\u201d, l\u2019evento per arricchire i nostri punti di vista sulle questioni di genere grazie alle testimonianze di personaggi dello sport, dello spettacolo e della cultura.<\/li>\n<p><\/p>\n<li><span style=\"color: #ff6600;\"><strong>2020<\/strong><\/span>: lanciamo una petizione per chiedere al Sindaco di Milano, Beppe Sala, di dare un segnale tangibile dell\u2019impegno del Comune dedicando una #unastatuaperlebambine. Anche grazie a quest\u2019azione, un anno dopo Milano inaugura le prime due statue dedicate a due donne: la principessa rivoluzionaria Cristina Trivulzio di Belgioioso e l\u2019astrofisica Margherita Hack.<\/li>\n<p><\/p>\n<li>Nello stesso anno avviamo #IoGiocoAllaPari \u2013 Palestra di Diritti e Competenze, un percorso di empowerment rivolto a studentesse, studenti e ai loro docenti.<\/li>\n<p><\/p>\n<li>Sempre nel <span style=\"color: #ff6600;\"><strong>2020<\/strong><\/span>, apriamo a Parma il primo Spazio indifesa che offre servizi di orientamento, consulenze gratuite e laboratori di crescita.<\/li>\n<p><\/p>\n<li><span style=\"color: #ff6600;\"><strong>2021<\/strong><\/span>: inauguriamo a Milano il secondo Spazio indifesa, centro multifunzionale che offre una serie di servizi alle famiglie pi\u00f9 vulnerabili del quartiere Gallaratese e che incentiva la partecipazione giovanile.<\/li>\n<p><\/p>\n<li><span style=\"color: #ff6600;\"><strong>2023<\/strong><\/span>: parte dal MAXXI di Roma e arriva alla Fabbrica del Vapore di Milano la mostra Straordinarie, con i ritratti e le voci di oltre 100 donne role model, a cui affianchiamo incontri per le scuole e la cittadinanza. Complessivamente, le due tappe hanno coinvolto oltre 15.000 visitatori, tra cui 2.000 studenti<\/li>\n<p><\/p>\n<li><span style=\"color: #ff6600;\"><strong>2024<\/strong><\/span>: a Catania partono le prime attivit\u00e0 dello Sportello indifesa, il nostro punto sul territorio per aiutare, coinvolgere e attivare bambini, adolescenti e famiglie.<\/li>\n<p>\n<\/ul>\n<p>[\/et_pb_text][\/et_pb_column][\/et_pb_row][\/et_pb_section]<\/p>\n","protected":false},"excerpt":{"rendered":"<p>14 ANNI INDIFESA DELLE BAMBINE E DELLE RAGAZZE 11 ottobre 2012: l\u2019ONU proclama la prima Giornata Mondiale delle Bambine e delle ragazze e noi di Terre des Hommes lanciamo la campagna indifesa, per sensibilizzare le istituzioni e l\u2019opinione pubblica sulle gravi violazioni dei diritti delle bambine e delle ragazze.13 anni dopo la nostra campagna si [&hellip;]<\/p>\n","protected":false},"author":1,"featured_media":0,"parent":0,"menu_order":0,"comment_status":"closed","ping_status":"closed","template":"","meta":{"_et_pb_use_builder":"on","_et_pb_old_content":"","_et_gb_content_width":"","_exactmetrics_skip_tracking":false,"_exactmetrics_sitenote_active":false,"_exactmetrics_sitenote_note":"","_exactmetrics_sitenote_category":0,"footnotes":""},"class_list":["post-21196","page","type-page","status-publish","hentry"],"yoast_head":"<!-- This site is optimized with the Yoast SEO plugin v26.0 - https:\/\/yoast.com\/wordpress\/plugins\/seo\/ -->\n<title>Cos&#039;\u00e8 indifesa - indifesa<\/title>\n<meta name=\"robots\" content=\"index, follow, max-snippet:-1, max-image-preview:large, max-video-preview:-1\" \/>\n<link rel=\"canonical\" href=\"https:\/\/terredeshommes.it\/indifesa\/indifesa-delle-bambine-e-delle-ragazze\/\" \/>\n<meta property=\"og:locale\" content=\"it_IT\" \/>\n<meta property=\"og:type\" content=\"article\" \/>\n<meta property=\"og:title\" content=\"Cos&#039;\u00e8 indifesa - indifesa\" \/>\n<meta property=\"og:description\" content=\"14 ANNI INDIFESA DELLE BAMBINE E DELLE RAGAZZE 11 ottobre 2012: l\u2019ONU proclama la prima Giornata Mondiale delle Bambine e delle ragazze e noi di Terre des Hommes lanciamo la campagna indifesa, per sensibilizzare le istituzioni e l\u2019opinione pubblica sulle gravi violazioni dei diritti delle bambine e delle ragazze.13 anni dopo la nostra campagna si [&hellip;]\" \/>\n<meta property=\"og:url\" content=\"https:\/\/terredeshommes.it\/indifesa\/indifesa-delle-bambine-e-delle-ragazze\/\" \/>\n<meta property=\"og:site_name\" content=\"indifesa\" \/>\n<meta property=\"article:publisher\" content=\"https:\/\/www.facebook.com\/terredeshommesitalia\" \/>\n<meta property=\"article:modified_time\" content=\"2025-10-03T14:10:57+00:00\" \/>\n<meta name=\"twitter:card\" content=\"summary_large_image\" \/>\n<meta name=\"twitter:site\" content=\"@tdhitaly\" \/>\n<meta name=\"twitter:label1\" content=\"Tempo di lettura stimato\" \/>\n\t<meta name=\"twitter:data1\" content=\"1 minuto\" \/>\n<script type=\"application\/ld+json\" class=\"yoast-schema-graph\">{\"@context\":\"https:\/\/schema.org\",\"@graph\":[{\"@type\":\"WebPage\",\"@id\":\"https:\/\/terredeshommes.it\/indifesa\/indifesa-delle-bambine-e-delle-ragazze\/\",\"url\":\"https:\/\/terredeshommes.it\/indifesa\/indifesa-delle-bambine-e-delle-ragazze\/\",\"name\":\"Cos'\u00e8 indifesa - indifesa\",\"isPartOf\":{\"@id\":\"https:\/\/terredeshommes.it\/indifesa\/#website\"},\"datePublished\":\"2025-08-06T15:10:22+00:00\",\"dateModified\":\"2025-10-03T14:10:57+00:00\",\"breadcrumb\":{\"@id\":\"https:\/\/terredeshommes.it\/indifesa\/indifesa-delle-bambine-e-delle-ragazze\/#breadcrumb\"},\"inLanguage\":\"it-IT\",\"potentialAction\":[{\"@type\":\"ReadAction\",\"target\":[\"https:\/\/terredeshommes.it\/indifesa\/indifesa-delle-bambine-e-delle-ragazze\/\"]}]},{\"@type\":\"BreadcrumbList\",\"@id\":\"https:\/\/terredeshommes.it\/indifesa\/indifesa-delle-bambine-e-delle-ragazze\/#breadcrumb\",\"itemListElement\":[{\"@type\":\"ListItem\",\"position\":1,\"name\":\"Home\",\"item\":\"https:\/\/terredeshommes.it\/indifesa\/\"},{\"@type\":\"ListItem\",\"position\":2,\"name\":\"Cos&#8217;\u00e8 indifesa\"}]},{\"@type\":\"WebSite\",\"@id\":\"https:\/\/terredeshommes.it\/indifesa\/#website\",\"url\":\"https:\/\/terredeshommes.it\/indifesa\/\",\"name\":\"indifesa\",\"description\":\"indifesa delle bambine e delle ragazze\",\"publisher\":{\"@id\":\"https:\/\/terredeshommes.it\/indifesa\/#organization\"},\"potentialAction\":[{\"@type\":\"SearchAction\",\"target\":{\"@type\":\"EntryPoint\",\"urlTemplate\":\"https:\/\/terredeshommes.it\/indifesa\/?s={search_term_string}\"},\"query-input\":{\"@type\":\"PropertyValueSpecification\",\"valueRequired\":true,\"valueName\":\"search_term_string\"}}],\"inLanguage\":\"it-IT\"},{\"@type\":\"Organization\",\"@id\":\"https:\/\/terredeshommes.it\/indifesa\/#organization\",\"name\":\"indifesa con Terre des Hommes\",\"url\":\"https:\/\/terredeshommes.it\/indifesa\/\",\"logo\":{\"@type\":\"ImageObject\",\"inLanguage\":\"it-IT\",\"@id\":\"https:\/\/terredeshommes.it\/indifesa\/#\/schema\/logo\/image\/\",\"url\":\"https:\/\/terredeshommes.it\/indifesa\/new\/wp-content\/uploads\/2018\/01\/logo-indifesa-vettoriale.png\",\"contentUrl\":\"https:\/\/terredeshommes.it\/indifesa\/new\/wp-content\/uploads\/2018\/01\/logo-indifesa-vettoriale.png\",\"width\":250,\"height\":67,\"caption\":\"indifesa con Terre des Hommes\"},\"image\":{\"@id\":\"https:\/\/terredeshommes.it\/indifesa\/#\/schema\/logo\/image\/\"},\"sameAs\":[\"https:\/\/www.facebook.com\/terredeshommesitalia\",\"https:\/\/x.com\/tdhitaly\"]}]}<\/script>\n<!-- \/ Yoast SEO plugin. -->","yoast_head_json":{"title":"Cos'\u00e8 indifesa - indifesa","robots":{"index":"index","follow":"follow","max-snippet":"max-snippet:-1","max-image-preview":"max-image-preview:large","max-video-preview":"max-video-preview:-1"},"canonical":"https:\/\/terredeshommes.it\/indifesa\/indifesa-delle-bambine-e-delle-ragazze\/","og_locale":"it_IT","og_type":"article","og_title":"Cos'\u00e8 indifesa - indifesa","og_description":"14 ANNI INDIFESA DELLE BAMBINE E DELLE RAGAZZE 11 ottobre 2012: l\u2019ONU proclama la prima Giornata Mondiale delle Bambine e delle ragazze e noi di Terre des Hommes lanciamo la campagna indifesa, per sensibilizzare le istituzioni e l\u2019opinione pubblica sulle gravi violazioni dei diritti delle bambine e delle ragazze.13 anni dopo la nostra campagna si [&hellip;]","og_url":"https:\/\/terredeshommes.it\/indifesa\/indifesa-delle-bambine-e-delle-ragazze\/","og_site_name":"indifesa","article_publisher":"https:\/\/www.facebook.com\/terredeshommesitalia","article_modified_time":"2025-10-03T14:10:57+00:00","twitter_card":"summary_large_image","twitter_site":"@tdhitaly","twitter_misc":{"Tempo di lettura stimato":"1 minuto"},"schema":{"@context":"https:\/\/schema.org","@graph":[{"@type":"WebPage","@id":"https:\/\/terredeshommes.it\/indifesa\/indifesa-delle-bambine-e-delle-ragazze\/","url":"https:\/\/terredeshommes.it\/indifesa\/indifesa-delle-bambine-e-delle-ragazze\/","name":"Cos'\u00e8 indifesa - indifesa","isPartOf":{"@id":"https:\/\/terredeshommes.it\/indifesa\/#website"},"datePublished":"2025-08-06T15:10:22+00:00","dateModified":"2025-10-03T14:10:57+00:00","breadcrumb":{"@id":"https:\/\/terredeshommes.it\/indifesa\/indifesa-delle-bambine-e-delle-ragazze\/#breadcrumb"},"inLanguage":"it-IT","potentialAction":[{"@type":"ReadAction","target":["https:\/\/terredeshommes.it\/indifesa\/indifesa-delle-bambine-e-delle-ragazze\/"]}]},{"@type":"BreadcrumbList","@id":"https:\/\/terredeshommes.it\/indifesa\/indifesa-delle-bambine-e-delle-ragazze\/#breadcrumb","itemListElement":[{"@type":"ListItem","position":1,"name":"Home","item":"https:\/\/terredeshommes.it\/indifesa\/"},{"@type":"ListItem","position":2,"name":"Cos&#8217;\u00e8 indifesa"}]},{"@type":"WebSite","@id":"https:\/\/terredeshommes.it\/indifesa\/#website","url":"https:\/\/terredeshommes.it\/indifesa\/","name":"indifesa","description":"indifesa delle bambine e delle ragazze","publisher":{"@id":"https:\/\/terredeshommes.it\/indifesa\/#organization"},"potentialAction":[{"@type":"SearchAction","target":{"@type":"EntryPoint","urlTemplate":"https:\/\/terredeshommes.it\/indifesa\/?s={search_term_string}"},"query-input":{"@type":"PropertyValueSpecification","valueRequired":true,"valueName":"search_term_string"}}],"inLanguage":"it-IT"},{"@type":"Organization","@id":"https:\/\/terredeshommes.it\/indifesa\/#organization","name":"indifesa con Terre des Hommes","url":"https:\/\/terredeshommes.it\/indifesa\/","logo":{"@type":"ImageObject","inLanguage":"it-IT","@id":"https:\/\/terredeshommes.it\/indifesa\/#\/schema\/logo\/image\/","url":"https:\/\/terredeshommes.it\/indifesa\/new\/wp-content\/uploads\/2018\/01\/logo-indifesa-vettoriale.png","contentUrl":"https:\/\/terredeshommes.it\/indifesa\/new\/wp-content\/uploads\/2018\/01\/logo-indifesa-vettoriale.png","width":250,"height":67,"caption":"indifesa con Terre des Hommes"},"image":{"@id":"https:\/\/terredeshommes.it\/indifesa\/#\/schema\/logo\/image\/"},"sameAs":["https:\/\/www.facebook.com\/terredeshommesitalia","https:\/\/x.com\/tdhitaly"]}]}},"_links":{"self":[{"href":"https:\/\/terredeshommes.it\/indifesa\/wp-json\/wp\/v2\/pages\/21196","targetHints":{"allow":["GET"]}}],"collection":[{"href":"https:\/\/terredeshommes.it\/indifesa\/wp-json\/wp\/v2\/pages"}],"about":[{"href":"https:\/\/terredeshommes.it\/indifesa\/wp-json\/wp\/v2\/types\/page"}],"author":[{"embeddable":true,"href":"https:\/\/terredeshommes.it\/indifesa\/wp-json\/wp\/v2\/users\/1"}],"replies":[{"embeddable":true,"href":"https:\/\/terredeshommes.it\/indifesa\/wp-json\/wp\/v2\/comments?post=21196"}],"version-history":[{"count":9,"href":"https:\/\/terredeshommes.it\/indifesa\/wp-json\/wp\/v2\/pages\/21196\/revisions"}],"predecessor-version":[{"id":21293,"href":"https:\/\/terredeshommes.it\/indifesa\/wp-json\/wp\/v2\/pages\/21196\/revisions\/21293"}],"wp:attachment":[{"href":"https:\/\/terredeshommes.it\/indifesa\/wp-json\/wp\/v2\/media?parent=21196"}],"curies":[{"name":"wp","href":"https:\/\/api.w.org\/{rel}","templated":true}]}}