{"id":380,"date":"2018-03-12T10:59:12","date_gmt":"2018-03-12T09:59:12","guid":{"rendered":"https:\/\/terredeshommes.it\/indifesa\/?page_id=380"},"modified":"2018-03-15T12:09:06","modified_gmt":"2018-03-15T11:09:06","slug":"il-fotografo","status":"publish","type":"page","link":"https:\/\/terredeshommes.it\/indifesa\/le-bambine-salvate\/il-fotografo\/","title":{"rendered":"Il fotografo"},"content":{"rendered":"<p>[et_pb_section bb_built=&#8221;1&#8243; fullwidth=&#8221;on&#8221; specialty=&#8221;off&#8221; inner_shadow=&#8221;off&#8221; parallax=&#8221;off&#8221; background_color=&#8221;#2ea3f2&#8243;][et_pb_fullwidth_menu _builder_version=&#8221;3.0.98&#8243; menu_id=&#8221;8&#8243; submenu_direction=&#8221;downwards&#8221; fullwidth_menu=&#8221;off&#8221; background_layout=&#8221;dark&#8221; background_color=&#8221;#ff6600&#8243; text_orientation=&#8221;center&#8221; menu_font=&#8221;Verdana|700||on|||||&#8221; saved_tabs=&#8221;all&#8221; global_module=&#8221;410&#8243; \/][\/et_pb_section][et_pb_section bb_built=&#8221;1&#8243;][et_pb_row][et_pb_column type=&#8221;4_4&#8243;][et_pb_testimonial _builder_version=&#8221;3.0.98&#8243; author=&#8221;Stefano Stranges&#8221; url_new_window=&#8221;off&#8221; quote_icon=&#8221;on&#8221; use_background_color=&#8221;on&#8221; quote_icon_background_color=&#8221;#f5f5f5&#8243; background_layout=&#8221;light&#8221; portrait_url=&#8221;https:\/\/terredeshommes.it\/indifesa\/new\/wp-content\/uploads\/2018\/03\/01-Le-Bambine-Salvate-Harini-Stef-Stranges-2018-1.jpg&#8221;]<\/p>\n<p><strong>Stefano Stranges<\/strong> \u00e8 un fotografo freelance italiano. Il suo lavoro si focalizza nel settore documentaristico e fotogiornalistico. Collabora con riviste e ONG nazionali e internazionali.<br \/>\nSi interessa di attivit\u00e0 didattica insieme ai colleghi del progetto <strong>CollettivoX<\/strong>, di cui \u00e8 co-fondatore. Attualmente \u00e8 impegnato in un lavoro sulla filiera del materiale tecnologico, dal quale \u00e8 nata la mostra itinerante \u201c<em>The victims of our wealth<\/em>\u201d (Finalista al Sifest 2016, Menzione d\u2019onore IPoTY 2017). \u00c8 vincitore del Contest fotografico 2017 del <strong>Festival dei diritti umani<\/strong>. Dal 2017 \u00e8 inoltre membro del collettivo fotogiornalistico Walkabout-Ph.<\/p>\n<p><a href=\"http:\/\/www.strangesimage.com\" rel=\"noopener\" target=\"_blank\"><strong>www.strangesimage.com<\/strong><\/a><\/p>\n<p>[\/et_pb_testimonial][\/et_pb_column][\/et_pb_row][\/et_pb_section][et_pb_section bb_built=&#8221;1&#8243; fullwidth=&#8221;off&#8221; specialty=&#8221;off&#8221; _builder_version=&#8221;3.0.98&#8243; background_color=&#8221;#3f3f3f&#8221;][et_pb_row _builder_version=&#8221;3.0.98&#8243; global_module=&#8221;490&#8243;][et_pb_column type=&#8221;1_3&#8243;][et_pb_text global_parent=&#8221;490&#8243; _builder_version=&#8221;3.0.98&#8243; background_layout=&#8221;dark&#8221;]<\/p>\n<p><strong>in collaborazione con<\/strong><br \/><a href=\"http:\/\/festivaldirittiumani.it\/\"><img loading=\"lazy\" decoding=\"async\" src=\"https:\/\/terredeshommes.it\/indifesa\/new\/wp-content\/uploads\/2018\/03\/festival-diritti-umani.gif\" alt=\"festival dei diritti umani\" width=\"100\" height=\"100\" class=\"alignleft size-full wp-image-485\" \/><\/a><\/p>\n<p>[\/et_pb_text][\/et_pb_column][et_pb_column type=&#8221;1_3&#8243;][et_pb_text global_parent=&#8221;490&#8243; _builder_version=&#8221;3.0.98&#8243; background_layout=&#8221;light&#8221;]<\/p>\n<p>PROGETTO LE BAMBINE SALVATE<\/p>\n<li><a href=\"https:\/\/terredeshommes.it\/indifesa\/le-bambine-salvate\/\">Le bambine salvate<\/a><\/li>\n<li><a href=\"https:\/\/terredeshommes.it\/indifesa\/le-bambine-salvate\/la-mostra\/\">La mostra<\/a><\/li>\n<li><a href=\"https:\/\/terredeshommes.it\/indifesa\/le-bambine-salvate\/il-fotografo\/\">Il fotografo<\/a><\/li>\n<li><a href=\"https:\/\/terredeshommes.it\/indifesa\/le-bambine-salvate\/il-progetto-poonthaleer\/\">Il progetto Poonthaleer<\/a><\/li>\n<p>[\/et_pb_text][\/et_pb_column][et_pb_column type=&#8221;1_3&#8243;][et_pb_text global_parent=&#8221;490&#8243; _builder_version=&#8221;3.0.98&#8243; background_layout=&#8221;light&#8221;]<\/p>\n<p>SOSTIENI TERRE DES HOMMES IN INDIA<br \/>\t<script src=\"https:\/\/donorbox.org\/install-popup-button.js\" type=\"text\/javascript\" defer><\/script><br \/><a class=\"dbox-donation-button\" href=\"https:\/\/donorbox.org\/tdh-core\" style=\"background:#ff6600 url(https:\/\/d1iczxrky3cnb2.cloudfront.net\/white_logo.png) no-repeat 37px center; color: #fff;text-decoration: none;font-family: Verdana,sans-serif;display: inline-block;font-size: 16px;padding: 15px 38px 15px 75px; -webkit-border-radius: 2px; -moz-border-radius: 2px; border-radius: 2px; box-shadow: 0 1px 0 0 #b24700; text-shadow: 0 1px rgba(0, 0, 0, 0.3);\" >Dona ora<\/a><\/p>\n<p>[\/et_pb_text][\/et_pb_column][\/et_pb_row][\/et_pb_section]<\/p>\n","protected":false},"excerpt":{"rendered":"<p><div class=\"et_pb_row et_pb_row_0 et_pb_row_empty\">\n\t\t\t\t\n\t\t\t\t\n\t\t\t\t\n\t\t\t\t\n\t\t\t\t\n\t\t\t<\/div> Stefano Stranges \u00e8 un fotografo freelance italiano. Il suo lavoro si focalizza nel settore documentaristico e fotogiornalistico. Collabora con riviste e ONG nazionali e internazionali. Si interessa di attivit\u00e0 didattica insieme ai colleghi del progetto CollettivoX, di cui \u00e8 co-fondatore. Attualmente \u00e8 impegnato in un lavoro sulla filiera del materiale tecnologico, dal quale \u00e8 [&hellip;]<\/p>\n","protected":false},"author":1,"featured_media":0,"parent":314,"menu_order":0,"comment_status":"closed","ping_status":"closed","template":"","meta":{"_et_pb_use_builder":"on","_et_pb_old_content":"","_et_gb_content_width":"","_exactmetrics_skip_tracking":false,"_exactmetrics_sitenote_active":false,"_exactmetrics_sitenote_note":"","_exactmetrics_sitenote_category":0,"footnotes":""},"class_list":["post-380","page","type-page","status-publish","hentry"],"yoast_head":"<!-- This site is optimized with the Yoast SEO plugin v26.0 - https:\/\/yoast.com\/wordpress\/plugins\/seo\/ -->\n<title>Il fotografo - indifesa<\/title>\n<meta name=\"robots\" content=\"index, follow, max-snippet:-1, max-image-preview:large, max-video-preview:-1\" \/>\n<link rel=\"canonical\" href=\"https:\/\/terredeshommes.it\/indifesa\/le-bambine-salvate\/il-fotografo\/\" \/>\n<meta property=\"og:locale\" content=\"it_IT\" \/>\n<meta property=\"og:type\" content=\"article\" \/>\n<meta property=\"og:title\" content=\"Il fotografo - indifesa\" \/>\n<meta property=\"og:description\" content=\"Stefano Stranges \u00e8 un fotografo freelance italiano. Il suo lavoro si focalizza nel settore documentaristico e fotogiornalistico. Collabora con riviste e ONG nazionali e internazionali. Si interessa di attivit\u00e0 didattica insieme ai colleghi del progetto CollettivoX, di cui \u00e8 co-fondatore. Attualmente \u00e8 impegnato in un lavoro sulla filiera del materiale tecnologico, dal quale \u00e8 [&hellip;]\" \/>\n<meta property=\"og:url\" content=\"https:\/\/terredeshommes.it\/indifesa\/le-bambine-salvate\/il-fotografo\/\" \/>\n<meta property=\"og:site_name\" content=\"indifesa\" \/>\n<meta property=\"article:publisher\" content=\"https:\/\/www.facebook.com\/terredeshommesitalia\" \/>\n<meta property=\"article:modified_time\" content=\"2018-03-15T11:09:06+00:00\" \/>\n<meta property=\"og:image\" content=\"https:\/\/terredeshommes.it\/indifesa\/new\/wp-content\/uploads\/2018\/03\/strnges_mostra_fb.jpg\" \/>\n\t<meta property=\"og:image:width\" content=\"1200\" \/>\n\t<meta property=\"og:image:height\" content=\"630\" \/>\n\t<meta property=\"og:image:type\" content=\"image\/jpeg\" \/>\n<meta name=\"twitter:card\" content=\"summary_large_image\" \/>\n<meta name=\"twitter:site\" content=\"@tdhitaly\" \/>\n<meta name=\"twitter:label1\" content=\"Tempo di lettura stimato\" \/>\n\t<meta name=\"twitter:data1\" content=\"2 minuti\" \/>\n<script type=\"application\/ld+json\" class=\"yoast-schema-graph\">{\"@context\":\"https:\/\/schema.org\",\"@graph\":[{\"@type\":\"WebPage\",\"@id\":\"https:\/\/terredeshommes.it\/indifesa\/le-bambine-salvate\/il-fotografo\/\",\"url\":\"https:\/\/terredeshommes.it\/indifesa\/le-bambine-salvate\/il-fotografo\/\",\"name\":\"Il fotografo - indifesa\",\"isPartOf\":{\"@id\":\"https:\/\/terredeshommes.it\/indifesa\/#website\"},\"primaryImageOfPage\":{\"@id\":\"https:\/\/terredeshommes.it\/indifesa\/le-bambine-salvate\/il-fotografo\/#primaryimage\"},\"image\":{\"@id\":\"https:\/\/terredeshommes.it\/indifesa\/le-bambine-salvate\/il-fotografo\/#primaryimage\"},\"thumbnailUrl\":\"https:\/\/terredeshommes.it\/indifesa\/new\/wp-content\/uploads\/2018\/03\/festival-diritti-umani.gif\",\"datePublished\":\"2018-03-12T09:59:12+00:00\",\"dateModified\":\"2018-03-15T11:09:06+00:00\",\"breadcrumb\":{\"@id\":\"https:\/\/terredeshommes.it\/indifesa\/le-bambine-salvate\/il-fotografo\/#breadcrumb\"},\"inLanguage\":\"it-IT\",\"potentialAction\":[{\"@type\":\"ReadAction\",\"target\":[\"https:\/\/terredeshommes.it\/indifesa\/le-bambine-salvate\/il-fotografo\/\"]}]},{\"@type\":\"ImageObject\",\"inLanguage\":\"it-IT\",\"@id\":\"https:\/\/terredeshommes.it\/indifesa\/le-bambine-salvate\/il-fotografo\/#primaryimage\",\"url\":\"https:\/\/terredeshommes.it\/indifesa\/new\/wp-content\/uploads\/2018\/03\/festival-diritti-umani.gif\",\"contentUrl\":\"https:\/\/terredeshommes.it\/indifesa\/new\/wp-content\/uploads\/2018\/03\/festival-diritti-umani.gif\",\"width\":100,\"height\":100,\"caption\":\"festival dei diritti umani\"},{\"@type\":\"BreadcrumbList\",\"@id\":\"https:\/\/terredeshommes.it\/indifesa\/le-bambine-salvate\/il-fotografo\/#breadcrumb\",\"itemListElement\":[{\"@type\":\"ListItem\",\"position\":1,\"name\":\"Home\",\"item\":\"https:\/\/terredeshommes.it\/indifesa\/\"},{\"@type\":\"ListItem\",\"position\":2,\"name\":\"Le bambine salvate\",\"item\":\"https:\/\/terredeshommes.it\/indifesa\/le-bambine-salvate\/\"},{\"@type\":\"ListItem\",\"position\":3,\"name\":\"Il fotografo\"}]},{\"@type\":\"WebSite\",\"@id\":\"https:\/\/terredeshommes.it\/indifesa\/#website\",\"url\":\"https:\/\/terredeshommes.it\/indifesa\/\",\"name\":\"indifesa\",\"description\":\"indifesa delle bambine e delle ragazze\",\"publisher\":{\"@id\":\"https:\/\/terredeshommes.it\/indifesa\/#organization\"},\"potentialAction\":[{\"@type\":\"SearchAction\",\"target\":{\"@type\":\"EntryPoint\",\"urlTemplate\":\"https:\/\/terredeshommes.it\/indifesa\/?s={search_term_string}\"},\"query-input\":{\"@type\":\"PropertyValueSpecification\",\"valueRequired\":true,\"valueName\":\"search_term_string\"}}],\"inLanguage\":\"it-IT\"},{\"@type\":\"Organization\",\"@id\":\"https:\/\/terredeshommes.it\/indifesa\/#organization\",\"name\":\"indifesa con Terre des Hommes\",\"url\":\"https:\/\/terredeshommes.it\/indifesa\/\",\"logo\":{\"@type\":\"ImageObject\",\"inLanguage\":\"it-IT\",\"@id\":\"https:\/\/terredeshommes.it\/indifesa\/#\/schema\/logo\/image\/\",\"url\":\"https:\/\/terredeshommes.it\/indifesa\/new\/wp-content\/uploads\/2018\/01\/logo-indifesa-vettoriale.png\",\"contentUrl\":\"https:\/\/terredeshommes.it\/indifesa\/new\/wp-content\/uploads\/2018\/01\/logo-indifesa-vettoriale.png\",\"width\":250,\"height\":67,\"caption\":\"indifesa con Terre des Hommes\"},\"image\":{\"@id\":\"https:\/\/terredeshommes.it\/indifesa\/#\/schema\/logo\/image\/\"},\"sameAs\":[\"https:\/\/www.facebook.com\/terredeshommesitalia\",\"https:\/\/x.com\/tdhitaly\"]}]}<\/script>\n<!-- \/ Yoast SEO plugin. -->","yoast_head_json":{"title":"Il fotografo - indifesa","robots":{"index":"index","follow":"follow","max-snippet":"max-snippet:-1","max-image-preview":"max-image-preview:large","max-video-preview":"max-video-preview:-1"},"canonical":"https:\/\/terredeshommes.it\/indifesa\/le-bambine-salvate\/il-fotografo\/","og_locale":"it_IT","og_type":"article","og_title":"Il fotografo - indifesa","og_description":"Stefano Stranges \u00e8 un fotografo freelance italiano. Il suo lavoro si focalizza nel settore documentaristico e fotogiornalistico. Collabora con riviste e ONG nazionali e internazionali. Si interessa di attivit\u00e0 didattica insieme ai colleghi del progetto CollettivoX, di cui \u00e8 co-fondatore. Attualmente \u00e8 impegnato in un lavoro sulla filiera del materiale tecnologico, dal quale \u00e8 [&hellip;]","og_url":"https:\/\/terredeshommes.it\/indifesa\/le-bambine-salvate\/il-fotografo\/","og_site_name":"indifesa","article_publisher":"https:\/\/www.facebook.com\/terredeshommesitalia","article_modified_time":"2018-03-15T11:09:06+00:00","og_image":[{"width":1200,"height":630,"url":"https:\/\/terredeshommes.it\/indifesa\/new\/wp-content\/uploads\/2018\/03\/strnges_mostra_fb.jpg","type":"image\/jpeg"}],"twitter_card":"summary_large_image","twitter_site":"@tdhitaly","twitter_misc":{"Tempo di lettura stimato":"2 minuti"},"schema":{"@context":"https:\/\/schema.org","@graph":[{"@type":"WebPage","@id":"https:\/\/terredeshommes.it\/indifesa\/le-bambine-salvate\/il-fotografo\/","url":"https:\/\/terredeshommes.it\/indifesa\/le-bambine-salvate\/il-fotografo\/","name":"Il fotografo - indifesa","isPartOf":{"@id":"https:\/\/terredeshommes.it\/indifesa\/#website"},"primaryImageOfPage":{"@id":"https:\/\/terredeshommes.it\/indifesa\/le-bambine-salvate\/il-fotografo\/#primaryimage"},"image":{"@id":"https:\/\/terredeshommes.it\/indifesa\/le-bambine-salvate\/il-fotografo\/#primaryimage"},"thumbnailUrl":"https:\/\/terredeshommes.it\/indifesa\/new\/wp-content\/uploads\/2018\/03\/festival-diritti-umani.gif","datePublished":"2018-03-12T09:59:12+00:00","dateModified":"2018-03-15T11:09:06+00:00","breadcrumb":{"@id":"https:\/\/terredeshommes.it\/indifesa\/le-bambine-salvate\/il-fotografo\/#breadcrumb"},"inLanguage":"it-IT","potentialAction":[{"@type":"ReadAction","target":["https:\/\/terredeshommes.it\/indifesa\/le-bambine-salvate\/il-fotografo\/"]}]},{"@type":"ImageObject","inLanguage":"it-IT","@id":"https:\/\/terredeshommes.it\/indifesa\/le-bambine-salvate\/il-fotografo\/#primaryimage","url":"https:\/\/terredeshommes.it\/indifesa\/new\/wp-content\/uploads\/2018\/03\/festival-diritti-umani.gif","contentUrl":"https:\/\/terredeshommes.it\/indifesa\/new\/wp-content\/uploads\/2018\/03\/festival-diritti-umani.gif","width":100,"height":100,"caption":"festival dei diritti umani"},{"@type":"BreadcrumbList","@id":"https:\/\/terredeshommes.it\/indifesa\/le-bambine-salvate\/il-fotografo\/#breadcrumb","itemListElement":[{"@type":"ListItem","position":1,"name":"Home","item":"https:\/\/terredeshommes.it\/indifesa\/"},{"@type":"ListItem","position":2,"name":"Le bambine salvate","item":"https:\/\/terredeshommes.it\/indifesa\/le-bambine-salvate\/"},{"@type":"ListItem","position":3,"name":"Il fotografo"}]},{"@type":"WebSite","@id":"https:\/\/terredeshommes.it\/indifesa\/#website","url":"https:\/\/terredeshommes.it\/indifesa\/","name":"indifesa","description":"indifesa delle bambine e delle ragazze","publisher":{"@id":"https:\/\/terredeshommes.it\/indifesa\/#organization"},"potentialAction":[{"@type":"SearchAction","target":{"@type":"EntryPoint","urlTemplate":"https:\/\/terredeshommes.it\/indifesa\/?s={search_term_string}"},"query-input":{"@type":"PropertyValueSpecification","valueRequired":true,"valueName":"search_term_string"}}],"inLanguage":"it-IT"},{"@type":"Organization","@id":"https:\/\/terredeshommes.it\/indifesa\/#organization","name":"indifesa con Terre des Hommes","url":"https:\/\/terredeshommes.it\/indifesa\/","logo":{"@type":"ImageObject","inLanguage":"it-IT","@id":"https:\/\/terredeshommes.it\/indifesa\/#\/schema\/logo\/image\/","url":"https:\/\/terredeshommes.it\/indifesa\/new\/wp-content\/uploads\/2018\/01\/logo-indifesa-vettoriale.png","contentUrl":"https:\/\/terredeshommes.it\/indifesa\/new\/wp-content\/uploads\/2018\/01\/logo-indifesa-vettoriale.png","width":250,"height":67,"caption":"indifesa con Terre des Hommes"},"image":{"@id":"https:\/\/terredeshommes.it\/indifesa\/#\/schema\/logo\/image\/"},"sameAs":["https:\/\/www.facebook.com\/terredeshommesitalia","https:\/\/x.com\/tdhitaly"]}]}},"_links":{"self":[{"href":"https:\/\/terredeshommes.it\/indifesa\/wp-json\/wp\/v2\/pages\/380","targetHints":{"allow":["GET"]}}],"collection":[{"href":"https:\/\/terredeshommes.it\/indifesa\/wp-json\/wp\/v2\/pages"}],"about":[{"href":"https:\/\/terredeshommes.it\/indifesa\/wp-json\/wp\/v2\/types\/page"}],"author":[{"embeddable":true,"href":"https:\/\/terredeshommes.it\/indifesa\/wp-json\/wp\/v2\/users\/1"}],"replies":[{"embeddable":true,"href":"https:\/\/terredeshommes.it\/indifesa\/wp-json\/wp\/v2\/comments?post=380"}],"version-history":[{"count":8,"href":"https:\/\/terredeshommes.it\/indifesa\/wp-json\/wp\/v2\/pages\/380\/revisions"}],"predecessor-version":[{"id":502,"href":"https:\/\/terredeshommes.it\/indifesa\/wp-json\/wp\/v2\/pages\/380\/revisions\/502"}],"up":[{"embeddable":true,"href":"https:\/\/terredeshommes.it\/indifesa\/wp-json\/wp\/v2\/pages\/314"}],"wp:attachment":[{"href":"https:\/\/terredeshommes.it\/indifesa\/wp-json\/wp\/v2\/media?parent=380"}],"curies":[{"name":"wp","href":"https:\/\/api.w.org\/{rel}","templated":true}]}}