{"id":409,"date":"2018-03-13T10:21:37","date_gmt":"2018-03-13T09:21:37","guid":{"rendered":"https:\/\/terredeshommes.it\/indifesa\/?page_id=409"},"modified":"2018-03-15T12:19:38","modified_gmt":"2018-03-15T11:19:38","slug":"il-progetto-poonthaleer","status":"publish","type":"page","link":"https:\/\/terredeshommes.it\/indifesa\/le-bambine-salvate\/il-progetto-poonthaleer\/","title":{"rendered":"Il progetto Poonthaleer"},"content":{"rendered":"<p>[et_pb_section bb_built=&#8221;1&#8243; fullwidth=&#8221;on&#8221; specialty=&#8221;off&#8221; inner_shadow=&#8221;off&#8221; parallax=&#8221;off&#8221; background_color=&#8221;#2ea3f2&#8243;][et_pb_fullwidth_menu _builder_version=&#8221;3.0.98&#8243; menu_id=&#8221;8&#8243; submenu_direction=&#8221;downwards&#8221; fullwidth_menu=&#8221;off&#8221; background_layout=&#8221;dark&#8221; background_color=&#8221;#ff6600&#8243; text_orientation=&#8221;center&#8221; menu_font=&#8221;Verdana|700||on|||||&#8221; saved_tabs=&#8221;all&#8221; global_module=&#8221;410&#8243; \/][\/et_pb_section][et_pb_section bb_built=&#8221;1&#8243;][et_pb_row][et_pb_column type=&#8221;4_4&#8243;][et_pb_text _builder_version=&#8221;3.0.98&#8243; background_layout=&#8221;light&#8221;]<\/p>\n<h1>Il progetto\u00a0Poonthaleer<\/h1>\n<p>[\/et_pb_text][et_pb_text admin_label=&#8221;Text&#8221; background_position=&#8221;top_left&#8221; background_repeat=&#8221;repeat&#8221; background_size=&#8221;initial&#8221; _builder_version=&#8221;3.0.98&#8243; background_layout=&#8221;light&#8221;]<\/p>\n<p><strong>Il progetto \u201cPoonthaleer<\/strong>\u201d \u00e8 stato inaugurato vent&#8217;anni fa da <strong>Terre des Hommes Core<\/strong>, con il sostegno specifico di Terre des Hommes Italia, a Idappadi, nel distretto di Salem, una delle regioni del Tamil Nadu pi\u00f9 colpita dalla pratica dell&#8217;infanticidio femminile.<\/p>\n<div id=\"attachment_474\" style=\"width: 310px\" class=\"wp-caption alignleft\"><img loading=\"lazy\" decoding=\"async\" aria-describedby=\"caption-attachment-474\" class=\"wp-image-474 size-medium\" src=\"https:\/\/terredeshommes.it\/indifesa\/new\/wp-content\/uploads\/2018\/03\/Chezhian-Ramu-300x200.jpg\" alt=\"Chezhian Ramu\" width=\"300\" height=\"200\" srcset=\"https:\/\/terredeshommes.it\/indifesa\/new\/wp-content\/uploads\/2018\/03\/Chezhian-Ramu-300x200.jpg 300w, https:\/\/terredeshommes.it\/indifesa\/new\/wp-content\/uploads\/2018\/03\/Chezhian-Ramu.jpg 600w\" sizes=\"(max-width: 300px) 100vw, 300px\" \/><p id=\"caption-attachment-474\" class=\"wp-caption-text\">Chezhian Ramu<\/p><\/div>\n<p>L&#8217;intervento nella zona \u00e8 iniziato nell&#8217;ottobre 1998 grazie alla determinazione di <strong>Chezhian Ramu<\/strong>, il direttore dell\u2019organizzazione, che ha contattato ad una ad una le donne incinte per identificare le madri \u201c<em>a rischio<\/em>\u201d, quelle cio\u00e8 che avevano gi\u00e0 partorito una femmina: l&#8217;infanticidio infatti diventava pi\u00f9 probabile a partire dalla seconda figlia. Le famiglie venivano quindi coinvolte in un dialogo sui motivi che potevano portare all&#8217;uccisione delle neonate: \u00ab<em>non erano mai le madri a voler sopprimere le figlie<\/em> \u2013 testimonia Chezhian Ramu \u2013 <em>ma i padri e le suocere, spinti da preoccupazioni economiche o da superstizione<\/em>\u00bb.<\/p>\n<p>Terre des Hommes Core ha offerto alle famiglie in difficolt\u00e0 consulenza e supporto per allevare le bambine fino alla maggiore et\u00e0. Dal 1998 al 2008 &#8220;Poonthaleer&#8221; \u2013 che in lingua tamil significa \u201csbocciare\u201d \u2013 <strong>ha salvato 1.558 bambine dall&#8217;infanticidio<\/strong>; di queste, il 90% \u00e8 rimasto con i genitori e il 10% \u00e8 stato dato in adozione.<br \/>\nGrazie anche all&#8217;azione di Terre des Hommes, oggi le donne incinte sono monitorate dal governo: ogni villaggio ha un ufficio sanitario con una responsabile che si assicura che a tutte le gravidanze corrisponda poi effettivamente un nuovo nato. <strong>Dal 2008 non \u00e8 stato pi\u00f9 segnalato alcun infanticidio nei 72 villaggi del distretto di Salem<\/strong> in cui opera l\u2019organizzazione.<\/p>\n<p>&#8220;Poonthaleer\u201d continua a seguire da vicino lo sviluppo delle \u201cbambine salvate\u201d: attualmente supporta 215 famiglie.<\/p>\n<p>[\/et_pb_text][\/et_pb_column][\/et_pb_row][et_pb_row][et_pb_column type=&#8221;1_2&#8243;][et_pb_text admin_label=&#8221;Text&#8221; background_layout=&#8221;light&#8221; background_position=&#8221;top_left&#8221; background_repeat=&#8221;repeat&#8221; background_size=&#8221;initial&#8221; _builder_version=&#8221;3.0.98&#8243;]<\/p>\n<h3>L&#8217;infanticidio in Tamil Nadu: cenni storici<\/h3>\n<p>La zona di Salem vent&#8217;anni fa era <strong>il secondo distretto per numero di infanticidi dell&#8217;intero stato del Tamil Nadu<\/strong>: nel &#8217;97 si registravano infatti 1033 neonate uccise, il 50,2% del numero complessivo di femmine morte dopo il parto. Una percentuale allarmante dovuta, secondo il direttore di Terre des Hommes Core, <strong>Chezhian Ramu<\/strong>, anche ad un fattore storico: \u00e8 di queste zone, infatti, l&#8217;influenza dei guerrieri Vanniyar del primo secolo dopo Cristo. \u00ab<em>Mandati in prima linea a combattere, morivano in gran numero, creando una disparit\u00e0 fra maschi e femmine: \u00e8 in quel periodo che comincia l&#8217;usanza di uccidere le neonate<\/em>\u00bb. Alla storia si intrecciano la religione e la tradizione che, favorendo il figlio maschio, hanno tramandato fino ai giorni nostri la terribile consuetudine dell&#8217;uccisione delle bambine.<br \/>\nSe oggi la pratica dell&#8217;infanticidio \u00e8 severamente sanzionata dalla legge, la mentalit\u00e0 non \u00e8 molto cambiata: in caso di figlie non desiderate, infatti, si ricorre all&#8217;aborto selettivo, grazie al facile accesso agli strumenti che permettono di determinare il sesso del nascituro.<\/p>\n<p>Qualche<strong> timido segnale di miglioramento<\/strong> comunque si vede, se si considerano i dati del Census of India, che nel 1998 registrava una sex ratio alla nascita (il rapporto numerico tra maschi e femmine nati in uno specifico arco di tempo) di 902 nascite femminili ogni 1000 maschi, cresciuta nel 2011 a 918 femmine su 1000 maschi (995 su 1000 in Tamil Nadu). Sempre troppo poco, ma la trasformazione culturale da fare \u00e8 enorme, perch\u00e9 tocca l&#8217;organizzazione sociale di un paese ancora in gran parte rurale, in cui la mentalit\u00e0 patriarcale \u00e8 profondamente radicata.<\/p>\n<p>[\/et_pb_text][\/et_pb_column][et_pb_column type=&#8221;1_2&#8243;][et_pb_text admin_label=&#8221;Text&#8221; background_layout=&#8221;light&#8221; background_position=&#8221;top_left&#8221; background_repeat=&#8221;repeat&#8221; background_size=&#8221;initial&#8221; _builder_version=&#8221;3.0.98&#8243;]<\/p>\n<h3>Terre des Hommes<\/h3>\n<p><img loading=\"lazy\" decoding=\"async\" class=\"alignright size-full wp-image-264\" src=\"https:\/\/terredeshommes.it\/indifesa\/new\/wp-content\/uploads\/2018\/02\/logo-tdh.png\" alt=\"terre des hommes\" width=\"250\" height=\"67\" \/>Terre des Hommes\u00a0\u00e8 un movimento nato nel 1960 per proteggere i bambini di tutto il mondo\u00a0dalla violenza, dall\u2019abuso e dallo sfruttamento e per assicurare a ogni bambino scuola, educazione informale, cure mediche e cibo.\u00a0Terre des Hommes Italia \u00e8 nata nel 1989 ed \u00e8 attualmente presente in 20 paesi, compresa l\u2019Italia, con 122 progetti di aiuto umanitario d\u2019emergenza e di cooperazione con priorit\u00e0 nelle attivit\u00e0 di child protection e contrasto alla violenza sui bambini, salute e benessere dei pi\u00f9 piccoli e delle loro mamme, istruzione ed educazione professionale.<\/p>\n<p>In <strong>Tamil Nadu<\/strong> le attivit\u00e0 di Terre des Hommes si concentrano da sempre sulla disabilit\u00e0 e sui diritti delle bambine e delle ragazze, nel contrasto alla pratica dell&#8217;infanticidio. A Salem, Tiruvannamalai e Cuddalore, Terre des Hommes gestisce le Reception Homes, delle case di accoglienza temporanea che hanno l\u2019obiettivo di salvare bambine e ragazze da situazioni di abuso e pericolo e offrire loro protezione e una soluzione il pi\u00f9 immediata possibile.<\/p>\n<p>I casi arrivano in genere attraverso il Tribunale dei Minori, la polizia o <strong>segnalazioni al numero gratuito 1098 Childline<\/strong>. Sono casi di adolescenti fuggite per realizzare un sogno di amore che diventa poi una violenza, ragazzine date in sposa contro la loro volont\u00e0, bambine vendute, abusate, scappate da situazioni di violenza e sfruttamento lavorativo, piccole donne a cui \u00e8 stato rubato il futuro.<\/p>\n<p>I progetti in India fanno parte della campagna <strong>#indifesa<\/strong> di Terre des Hommes contro la violenza e le discriminazioni nei confronti di bambine e ragazze.<\/p>\n<p>[\/et_pb_text][\/et_pb_column][\/et_pb_row][\/et_pb_section][et_pb_section bb_built=&#8221;1&#8243; fullwidth=&#8221;off&#8221; specialty=&#8221;off&#8221; _builder_version=&#8221;3.0.98&#8243; background_color=&#8221;#27323a&#8221; global_module=&#8221;496&#8243;][et_pb_row global_parent=&#8221;496&#8243; _builder_version=&#8221;3.0.98&#8243;][et_pb_column type=&#8221;1_3&#8243;][et_pb_text global_parent=&#8221;496&#8243; _builder_version=&#8221;3.0.98&#8243; background_layout=&#8221;dark&#8221;]<\/p>\n<p><strong>in collaborazione con<\/strong><br \/>\n<a href=\"http:\/\/festivaldirittiumani.it\/\"><img loading=\"lazy\" decoding=\"async\" src=\"https:\/\/terredeshommes.it\/indifesa\/new\/wp-content\/uploads\/2018\/03\/festival-diritti-umani.gif\" alt=\"festival dei diritti umani\" width=\"100\" height=\"100\" class=\"alignleft size-full wp-image-485\" \/><\/a><\/p>\n<p>[\/et_pb_text][\/et_pb_column][et_pb_column type=&#8221;1_3&#8243;][et_pb_text global_parent=&#8221;496&#8243; _builder_version=&#8221;3.0.98&#8243; background_layout=&#8221;light&#8221;]<\/p>\n<p>PROGETTO LE BAMBINE SALVATE<\/p>\n<li><a href=\"https:\/\/terredeshommes.it\/indifesa\/le-bambine-salvate\/\">Le bambine salvate<\/a><\/li>\n<li><a href=\"https:\/\/terredeshommes.it\/indifesa\/le-bambine-salvate\/la-mostra\/\">La mostra<\/a><\/li>\n<li><a href=\"https:\/\/terredeshommes.it\/indifesa\/le-bambine-salvate\/il-fotografo\/\">Il fotografo<\/a><\/li>\n<li><a href=\"https:\/\/terredeshommes.it\/indifesa\/le-bambine-salvate\/il-progetto-poonthaleer\/\">Il progetto Poonthaleer<\/a><\/li>\n<p>[\/et_pb_text][\/et_pb_column][et_pb_column type=&#8221;1_3&#8243;][et_pb_text global_parent=&#8221;496&#8243; _builder_version=&#8221;3.0.98&#8243; background_layout=&#8221;light&#8221;]<\/p>\n<p>SOSTIENI TERRE DES HOMMES IN INDIA<br \/>\n\t<script src=\"https:\/\/donorbox.org\/install-popup-button.js\" type=\"text\/javascript\" defer><\/script><br \/>\n<a class=\"dbox-donation-button\" href=\"https:\/\/donorbox.org\/tdh-core\" style=\"background:#ff6600 url(https:\/\/d1iczxrky3cnb2.cloudfront.net\/white_logo.png) no-repeat 37px center; color: #fff;text-decoration: none;font-family: Verdana,sans-serif;display: inline-block;font-size: 16px;padding: 15px 38px 15px 75px; -webkit-border-radius: 2px; -moz-border-radius: 2px; border-radius: 2px; box-shadow: 0 1px 0 0 #b24700; text-shadow: 0 1px rgba(0, 0, 0, 0.3);\" >Dona ora<\/a><\/p>\n<p>[\/et_pb_text][\/et_pb_column][\/et_pb_row][\/et_pb_section]<\/p>\n","protected":false},"excerpt":{"rendered":"<p><div class=\"et_pb_row et_pb_row_0 et_pb_row_empty\">\n\t\t\t\t\n\t\t\t\t\n\t\t\t\t\n\t\t\t\t\n\t\t\t\t\n\t\t\t<\/div> Il progetto\u00a0Poonthaleer Il progetto \u201cPoonthaleer\u201d \u00e8 stato inaugurato vent&#8217;anni fa da Terre des Hommes Core, con il sostegno specifico di Terre des Hommes Italia, a Idappadi, nel distretto di Salem, una delle regioni del Tamil Nadu pi\u00f9 colpita dalla pratica dell&#8217;infanticidio femminile. L&#8217;intervento nella zona \u00e8 iniziato nell&#8217;ottobre 1998 grazie alla determinazione di Chezhian [&hellip;]<\/p>\n","protected":false},"author":1,"featured_media":0,"parent":314,"menu_order":0,"comment_status":"closed","ping_status":"closed","template":"","meta":{"_et_pb_use_builder":"on","_et_pb_old_content":"","_et_gb_content_width":"","_exactmetrics_skip_tracking":false,"_exactmetrics_sitenote_active":false,"_exactmetrics_sitenote_note":"","_exactmetrics_sitenote_category":0,"footnotes":""},"class_list":["post-409","page","type-page","status-publish","hentry"],"yoast_head":"<!-- This site is optimized with the Yoast SEO plugin v26.0 - https:\/\/yoast.com\/wordpress\/plugins\/seo\/ -->\n<title>Il progetto Poonthaleer - indifesa<\/title>\n<meta name=\"robots\" content=\"index, follow, max-snippet:-1, max-image-preview:large, max-video-preview:-1\" \/>\n<link rel=\"canonical\" href=\"https:\/\/terredeshommes.it\/indifesa\/le-bambine-salvate\/il-progetto-poonthaleer\/\" \/>\n<meta property=\"og:locale\" content=\"it_IT\" \/>\n<meta property=\"og:type\" content=\"article\" \/>\n<meta property=\"og:title\" content=\"Il progetto Poonthaleer - indifesa\" \/>\n<meta property=\"og:description\" content=\"Il progetto\u00a0Poonthaleer Il progetto \u201cPoonthaleer\u201d \u00e8 stato inaugurato vent&#039;anni fa da Terre des Hommes Core, con il sostegno specifico di Terre des Hommes Italia, a Idappadi, nel distretto di Salem, una delle regioni del Tamil Nadu pi\u00f9 colpita dalla pratica dell&#039;infanticidio femminile. L&#039;intervento nella zona \u00e8 iniziato nell&#039;ottobre 1998 grazie alla determinazione di Chezhian [&hellip;]\" \/>\n<meta property=\"og:url\" content=\"https:\/\/terredeshommes.it\/indifesa\/le-bambine-salvate\/il-progetto-poonthaleer\/\" \/>\n<meta property=\"og:site_name\" content=\"indifesa\" \/>\n<meta property=\"article:publisher\" content=\"https:\/\/www.facebook.com\/terredeshommesitalia\" \/>\n<meta property=\"article:modified_time\" content=\"2018-03-15T11:19:38+00:00\" \/>\n<meta property=\"og:image\" content=\"https:\/\/terredeshommes.it\/indifesa\/new\/wp-content\/uploads\/2018\/03\/strnges_mostra_fb.jpg\" \/>\n\t<meta property=\"og:image:width\" content=\"1200\" \/>\n\t<meta property=\"og:image:height\" content=\"630\" \/>\n\t<meta property=\"og:image:type\" content=\"image\/jpeg\" \/>\n<meta name=\"twitter:card\" content=\"summary_large_image\" \/>\n<meta name=\"twitter:site\" content=\"@tdhitaly\" \/>\n<meta name=\"twitter:label1\" content=\"Tempo di lettura stimato\" \/>\n\t<meta name=\"twitter:data1\" content=\"5 minuti\" \/>\n<script type=\"application\/ld+json\" class=\"yoast-schema-graph\">{\"@context\":\"https:\/\/schema.org\",\"@graph\":[{\"@type\":\"WebPage\",\"@id\":\"https:\/\/terredeshommes.it\/indifesa\/le-bambine-salvate\/il-progetto-poonthaleer\/\",\"url\":\"https:\/\/terredeshommes.it\/indifesa\/le-bambine-salvate\/il-progetto-poonthaleer\/\",\"name\":\"Il progetto Poonthaleer - indifesa\",\"isPartOf\":{\"@id\":\"https:\/\/terredeshommes.it\/indifesa\/#website\"},\"primaryImageOfPage\":{\"@id\":\"https:\/\/terredeshommes.it\/indifesa\/le-bambine-salvate\/il-progetto-poonthaleer\/#primaryimage\"},\"image\":{\"@id\":\"https:\/\/terredeshommes.it\/indifesa\/le-bambine-salvate\/il-progetto-poonthaleer\/#primaryimage\"},\"thumbnailUrl\":\"https:\/\/terredeshommes.it\/indifesa\/new\/wp-content\/uploads\/2018\/03\/Chezhian-Ramu-300x200.jpg\",\"datePublished\":\"2018-03-13T09:21:37+00:00\",\"dateModified\":\"2018-03-15T11:19:38+00:00\",\"breadcrumb\":{\"@id\":\"https:\/\/terredeshommes.it\/indifesa\/le-bambine-salvate\/il-progetto-poonthaleer\/#breadcrumb\"},\"inLanguage\":\"it-IT\",\"potentialAction\":[{\"@type\":\"ReadAction\",\"target\":[\"https:\/\/terredeshommes.it\/indifesa\/le-bambine-salvate\/il-progetto-poonthaleer\/\"]}]},{\"@type\":\"ImageObject\",\"inLanguage\":\"it-IT\",\"@id\":\"https:\/\/terredeshommes.it\/indifesa\/le-bambine-salvate\/il-progetto-poonthaleer\/#primaryimage\",\"url\":\"https:\/\/terredeshommes.it\/indifesa\/new\/wp-content\/uploads\/2018\/03\/Chezhian-Ramu.jpg\",\"contentUrl\":\"https:\/\/terredeshommes.it\/indifesa\/new\/wp-content\/uploads\/2018\/03\/Chezhian-Ramu.jpg\",\"width\":600,\"height\":400,\"caption\":\"Chezhian Ramu\"},{\"@type\":\"BreadcrumbList\",\"@id\":\"https:\/\/terredeshommes.it\/indifesa\/le-bambine-salvate\/il-progetto-poonthaleer\/#breadcrumb\",\"itemListElement\":[{\"@type\":\"ListItem\",\"position\":1,\"name\":\"Home\",\"item\":\"https:\/\/terredeshommes.it\/indifesa\/\"},{\"@type\":\"ListItem\",\"position\":2,\"name\":\"Le bambine salvate\",\"item\":\"https:\/\/terredeshommes.it\/indifesa\/le-bambine-salvate\/\"},{\"@type\":\"ListItem\",\"position\":3,\"name\":\"Il progetto Poonthaleer\"}]},{\"@type\":\"WebSite\",\"@id\":\"https:\/\/terredeshommes.it\/indifesa\/#website\",\"url\":\"https:\/\/terredeshommes.it\/indifesa\/\",\"name\":\"indifesa\",\"description\":\"indifesa delle bambine e delle ragazze\",\"publisher\":{\"@id\":\"https:\/\/terredeshommes.it\/indifesa\/#organization\"},\"potentialAction\":[{\"@type\":\"SearchAction\",\"target\":{\"@type\":\"EntryPoint\",\"urlTemplate\":\"https:\/\/terredeshommes.it\/indifesa\/?s={search_term_string}\"},\"query-input\":{\"@type\":\"PropertyValueSpecification\",\"valueRequired\":true,\"valueName\":\"search_term_string\"}}],\"inLanguage\":\"it-IT\"},{\"@type\":\"Organization\",\"@id\":\"https:\/\/terredeshommes.it\/indifesa\/#organization\",\"name\":\"indifesa con Terre des Hommes\",\"url\":\"https:\/\/terredeshommes.it\/indifesa\/\",\"logo\":{\"@type\":\"ImageObject\",\"inLanguage\":\"it-IT\",\"@id\":\"https:\/\/terredeshommes.it\/indifesa\/#\/schema\/logo\/image\/\",\"url\":\"https:\/\/terredeshommes.it\/indifesa\/new\/wp-content\/uploads\/2018\/01\/logo-indifesa-vettoriale.png\",\"contentUrl\":\"https:\/\/terredeshommes.it\/indifesa\/new\/wp-content\/uploads\/2018\/01\/logo-indifesa-vettoriale.png\",\"width\":250,\"height\":67,\"caption\":\"indifesa con Terre des Hommes\"},\"image\":{\"@id\":\"https:\/\/terredeshommes.it\/indifesa\/#\/schema\/logo\/image\/\"},\"sameAs\":[\"https:\/\/www.facebook.com\/terredeshommesitalia\",\"https:\/\/x.com\/tdhitaly\"]}]}<\/script>\n<!-- \/ Yoast SEO plugin. -->","yoast_head_json":{"title":"Il progetto Poonthaleer - indifesa","robots":{"index":"index","follow":"follow","max-snippet":"max-snippet:-1","max-image-preview":"max-image-preview:large","max-video-preview":"max-video-preview:-1"},"canonical":"https:\/\/terredeshommes.it\/indifesa\/le-bambine-salvate\/il-progetto-poonthaleer\/","og_locale":"it_IT","og_type":"article","og_title":"Il progetto Poonthaleer - indifesa","og_description":"Il progetto\u00a0Poonthaleer Il progetto \u201cPoonthaleer\u201d \u00e8 stato inaugurato vent'anni fa da Terre des Hommes Core, con il sostegno specifico di Terre des Hommes Italia, a Idappadi, nel distretto di Salem, una delle regioni del Tamil Nadu pi\u00f9 colpita dalla pratica dell'infanticidio femminile. L'intervento nella zona \u00e8 iniziato nell'ottobre 1998 grazie alla determinazione di Chezhian [&hellip;]","og_url":"https:\/\/terredeshommes.it\/indifesa\/le-bambine-salvate\/il-progetto-poonthaleer\/","og_site_name":"indifesa","article_publisher":"https:\/\/www.facebook.com\/terredeshommesitalia","article_modified_time":"2018-03-15T11:19:38+00:00","og_image":[{"width":1200,"height":630,"url":"https:\/\/terredeshommes.it\/indifesa\/new\/wp-content\/uploads\/2018\/03\/strnges_mostra_fb.jpg","type":"image\/jpeg"}],"twitter_card":"summary_large_image","twitter_site":"@tdhitaly","twitter_misc":{"Tempo di lettura stimato":"5 minuti"},"schema":{"@context":"https:\/\/schema.org","@graph":[{"@type":"WebPage","@id":"https:\/\/terredeshommes.it\/indifesa\/le-bambine-salvate\/il-progetto-poonthaleer\/","url":"https:\/\/terredeshommes.it\/indifesa\/le-bambine-salvate\/il-progetto-poonthaleer\/","name":"Il progetto Poonthaleer - indifesa","isPartOf":{"@id":"https:\/\/terredeshommes.it\/indifesa\/#website"},"primaryImageOfPage":{"@id":"https:\/\/terredeshommes.it\/indifesa\/le-bambine-salvate\/il-progetto-poonthaleer\/#primaryimage"},"image":{"@id":"https:\/\/terredeshommes.it\/indifesa\/le-bambine-salvate\/il-progetto-poonthaleer\/#primaryimage"},"thumbnailUrl":"https:\/\/terredeshommes.it\/indifesa\/new\/wp-content\/uploads\/2018\/03\/Chezhian-Ramu-300x200.jpg","datePublished":"2018-03-13T09:21:37+00:00","dateModified":"2018-03-15T11:19:38+00:00","breadcrumb":{"@id":"https:\/\/terredeshommes.it\/indifesa\/le-bambine-salvate\/il-progetto-poonthaleer\/#breadcrumb"},"inLanguage":"it-IT","potentialAction":[{"@type":"ReadAction","target":["https:\/\/terredeshommes.it\/indifesa\/le-bambine-salvate\/il-progetto-poonthaleer\/"]}]},{"@type":"ImageObject","inLanguage":"it-IT","@id":"https:\/\/terredeshommes.it\/indifesa\/le-bambine-salvate\/il-progetto-poonthaleer\/#primaryimage","url":"https:\/\/terredeshommes.it\/indifesa\/new\/wp-content\/uploads\/2018\/03\/Chezhian-Ramu.jpg","contentUrl":"https:\/\/terredeshommes.it\/indifesa\/new\/wp-content\/uploads\/2018\/03\/Chezhian-Ramu.jpg","width":600,"height":400,"caption":"Chezhian Ramu"},{"@type":"BreadcrumbList","@id":"https:\/\/terredeshommes.it\/indifesa\/le-bambine-salvate\/il-progetto-poonthaleer\/#breadcrumb","itemListElement":[{"@type":"ListItem","position":1,"name":"Home","item":"https:\/\/terredeshommes.it\/indifesa\/"},{"@type":"ListItem","position":2,"name":"Le bambine salvate","item":"https:\/\/terredeshommes.it\/indifesa\/le-bambine-salvate\/"},{"@type":"ListItem","position":3,"name":"Il progetto Poonthaleer"}]},{"@type":"WebSite","@id":"https:\/\/terredeshommes.it\/indifesa\/#website","url":"https:\/\/terredeshommes.it\/indifesa\/","name":"indifesa","description":"indifesa delle bambine e delle ragazze","publisher":{"@id":"https:\/\/terredeshommes.it\/indifesa\/#organization"},"potentialAction":[{"@type":"SearchAction","target":{"@type":"EntryPoint","urlTemplate":"https:\/\/terredeshommes.it\/indifesa\/?s={search_term_string}"},"query-input":{"@type":"PropertyValueSpecification","valueRequired":true,"valueName":"search_term_string"}}],"inLanguage":"it-IT"},{"@type":"Organization","@id":"https:\/\/terredeshommes.it\/indifesa\/#organization","name":"indifesa con Terre des Hommes","url":"https:\/\/terredeshommes.it\/indifesa\/","logo":{"@type":"ImageObject","inLanguage":"it-IT","@id":"https:\/\/terredeshommes.it\/indifesa\/#\/schema\/logo\/image\/","url":"https:\/\/terredeshommes.it\/indifesa\/new\/wp-content\/uploads\/2018\/01\/logo-indifesa-vettoriale.png","contentUrl":"https:\/\/terredeshommes.it\/indifesa\/new\/wp-content\/uploads\/2018\/01\/logo-indifesa-vettoriale.png","width":250,"height":67,"caption":"indifesa con Terre des Hommes"},"image":{"@id":"https:\/\/terredeshommes.it\/indifesa\/#\/schema\/logo\/image\/"},"sameAs":["https:\/\/www.facebook.com\/terredeshommesitalia","https:\/\/x.com\/tdhitaly"]}]}},"_links":{"self":[{"href":"https:\/\/terredeshommes.it\/indifesa\/wp-json\/wp\/v2\/pages\/409","targetHints":{"allow":["GET"]}}],"collection":[{"href":"https:\/\/terredeshommes.it\/indifesa\/wp-json\/wp\/v2\/pages"}],"about":[{"href":"https:\/\/terredeshommes.it\/indifesa\/wp-json\/wp\/v2\/types\/page"}],"author":[{"embeddable":true,"href":"https:\/\/terredeshommes.it\/indifesa\/wp-json\/wp\/v2\/users\/1"}],"replies":[{"embeddable":true,"href":"https:\/\/terredeshommes.it\/indifesa\/wp-json\/wp\/v2\/comments?post=409"}],"version-history":[{"count":13,"href":"https:\/\/terredeshommes.it\/indifesa\/wp-json\/wp\/v2\/pages\/409\/revisions"}],"predecessor-version":[{"id":510,"href":"https:\/\/terredeshommes.it\/indifesa\/wp-json\/wp\/v2\/pages\/409\/revisions\/510"}],"up":[{"embeddable":true,"href":"https:\/\/terredeshommes.it\/indifesa\/wp-json\/wp\/v2\/pages\/314"}],"wp:attachment":[{"href":"https:\/\/terredeshommes.it\/indifesa\/wp-json\/wp\/v2\/media?parent=409"}],"curies":[{"name":"wp","href":"https:\/\/api.w.org\/{rel}","templated":true}]}}